{"id":9244,"date":"2017-10-24T10:57:28","date_gmt":"2017-10-24T08:57:28","guid":{"rendered":"http:\/\/urbanpromo.it\/2017\/?page_id=9244"},"modified":"2017-10-24T11:54:39","modified_gmt":"2017-10-24T09:54:39","slug":"social-housing-off","status":"publish","type":"page","link":"https:\/\/urbanpromo.it\/2017\/urbanpromo-social-housing\/social-housing-off\/","title":{"rendered":"SOCIAL HOUSING OFF"},"content":{"rendered":"<p>&nbsp;<\/p>\n<p><strong>GRATTACIELO INTESA SANPAOLO<\/strong><br \/>\n\u201cIl futuro \u00e8 l\u2019unico posto dove possiamo andare\u201d &#8211; Renzo Piano<br \/>\nUrbanpromo 2017 offre l\u2019opportunit\u00e0 di condividere un momento conviviale nella straordinaria cornice della serra bioclimatica al 36\u00b0 piano del grattacielo Intesa San Paolo.<br \/>\nBianco e luminoso, l\u2019edificio progettato da Renzo Piano \u00e8 stato realizzato tra il 2010 e il 2015 e ha arricchito lo skyline della capitale subalpina. Oggi rappresenta non solo il cuore finanziario della citt\u00e0 ma anche un punto di incontro culturale e artistico molto apprezzato e fruito dai torinesi.<br \/>\nIl grattacielo \u00e8 un edificio \u201cverde\u201d, che consuma fino al 45% di energia in meno rispetto ad analoghe superfici occupate. Ha un\u2019altezza di 166 metri, occupa un\u2019area di 7.000 mq ed \u00e8 costato 500 milioni di euro.<br \/>\nComprende uffici per oltre duemila persone, una sala conferenze da 264 posti, la serra bioclimatica e il giardino panoramico in quota.<\/p>\n<p>&nbsp;<\/p>\n<p><strong>OGR TORINO<\/strong><br \/>\nDa officine dei treni a officine delle idee<br \/>\nIl progetto OGR, gi\u00e0 insignito del Premio URBANISTICA nella categoria \u201cQualit\u00e0 delle infrastrutture e degli spazi pubblici\u201d in occasione di Urbanpomo nel 2015, sar\u00e0 nel pieno del Big Bang, una festa lunga 15 giorni che riempir\u00e0 gli spazi recuperati e restituiti alla citt\u00e0 grazie all\u2019impegno di Fondazione CRT, con concerti, installazioni e laboratori gratuiti e aperti a tutti.<br \/>\nDurante la visita sar\u00e0 possibile entrare nella Sala Fucine, spazio dedicato alle Arti Performative, e visitare i primi progetti artistici appositamente realizzati per lo spazio: \u201cProcession of Reparationists\u201d, installazione scultorea realizzata per la corte est delle OGR dall\u2019artista sudafricano William Kentridge, il dipinto murale \u201cTrack\u201d dell\u2019artista venezuelano Artura Herrera e l\u2019installazione ambientale \u201cTutto Infinito\u201d di Patrick Tuttofuoco.<\/p>\n","protected":false},"excerpt":{"rendered":"<p>&nbsp; GRATTACIELO INTESA SANPAOLO \u201cIl futuro \u00e8 l\u2019unico posto dove possiamo andare\u201d &#8211; Renzo Piano Urbanpromo 2017 offre l\u2019opportunit\u00e0 di condividere un momento conviviale nella straordinaria cornice della serra bioclimatica al 36\u00b0 piano del grattacielo Intesa San Paolo. Bianco e luminoso, l\u2019edificio progettato da Renzo Piano \u00e8 stato realizzato tra il 2010 e il 2015 &#8230;<\/p>\n","protected":false},"author":2,"featured_media":0,"parent":65,"menu_order":0,"comment_status":"closed","ping_status":"closed","template":"template-page-full.php","meta":{"_acf_changed":false,"footnotes":""},"class_list":["post-9244","page","type-page","status-publish","hentry"],"acf":[],"yoast_head":"<!-- This site is optimized with the Yoast SEO plugin v27.4 - https:\/\/yoast.com\/product\/yoast-seo-wordpress\/ -->\n<title>SOCIAL HOUSING OFF - Edizione 2017<\/title>\n<meta name=\"robots\" content=\"index, follow, max-snippet:-1, max-image-preview:large, max-video-preview:-1\" \/>\n<link rel=\"canonical\" href=\"https:\/\/urbanpromo.it\/2017\/urbanpromo-social-housing\/social-housing-off\/\" \/>\n<meta property=\"og:locale\" content=\"it_IT\" \/>\n<meta property=\"og:type\" content=\"article\" \/>\n<meta property=\"og:title\" content=\"SOCIAL HOUSING OFF - Edizione 2017\" \/>\n<meta property=\"og:description\" content=\"&nbsp; GRATTACIELO INTESA SANPAOLO \u201cIl futuro \u00e8 l\u2019unico posto dove possiamo andare\u201d &#8211; Renzo Piano Urbanpromo 2017 offre l\u2019opportunit\u00e0 di condividere un momento conviviale nella straordinaria cornice della serra bioclimatica al 36\u00b0 piano del grattacielo Intesa San Paolo. Bianco e luminoso, l\u2019edificio progettato da Renzo Piano \u00e8 stato realizzato tra il 2010 e il 2015 ...\" \/>\n<meta property=\"og:url\" content=\"https:\/\/urbanpromo.it\/2017\/urbanpromo-social-housing\/social-housing-off\/\" \/>\n<meta property=\"og:site_name\" content=\"Edizione 2017\" \/>\n<meta property=\"article:modified_time\" content=\"2017-10-24T09:54:39+00:00\" \/>\n<meta name=\"twitter:card\" content=\"summary_large_image\" \/>\n<meta name=\"twitter:label1\" content=\"Est. reading time\" \/>\n\t<meta name=\"twitter:data1\" content=\"1 minuto\" \/>\n<script type=\"application\/ld+json\" class=\"yoast-schema-graph\">{\"@context\":\"https:\\\/\\\/schema.org\",\"@graph\":[{\"@type\":\"WebPage\",\"@id\":\"https:\\\/\\\/urbanpromo.it\\\/2017\\\/urbanpromo-social-housing\\\/social-housing-off\\\/\",\"url\":\"https:\\\/\\\/urbanpromo.it\\\/2017\\\/urbanpromo-social-housing\\\/social-housing-off\\\/\",\"name\":\"SOCIAL HOUSING OFF - Edizione 2017\",\"isPartOf\":{\"@id\":\"https:\\\/\\\/urbanpromo.it\\\/2017\\\/#website\"},\"datePublished\":\"2017-10-24T08:57:28+00:00\",\"dateModified\":\"2017-10-24T09:54:39+00:00\",\"breadcrumb\":{\"@id\":\"https:\\\/\\\/urbanpromo.it\\\/2017\\\/urbanpromo-social-housing\\\/social-housing-off\\\/#breadcrumb\"},\"inLanguage\":\"it-IT\",\"potentialAction\":[{\"@type\":\"ReadAction\",\"target\":[\"https:\\\/\\\/urbanpromo.it\\\/2017\\\/urbanpromo-social-housing\\\/social-housing-off\\\/\"]}]},{\"@type\":\"BreadcrumbList\",\"@id\":\"https:\\\/\\\/urbanpromo.it\\\/2017\\\/urbanpromo-social-housing\\\/social-housing-off\\\/#breadcrumb\",\"itemListElement\":[{\"@type\":\"ListItem\",\"position\":1,\"name\":\"Home\",\"item\":\"https:\\\/\\\/urbanpromo.it\\\/2017\\\/\"},{\"@type\":\"ListItem\",\"position\":2,\"name\":\"Urbanpromo Social Housing\",\"item\":\"https:\\\/\\\/urbanpromo.it\\\/2017\\\/urbanpromo-social-housing\\\/\"},{\"@type\":\"ListItem\",\"position\":3,\"name\":\"SOCIAL HOUSING OFF\"}]},{\"@type\":\"WebSite\",\"@id\":\"https:\\\/\\\/urbanpromo.it\\\/2017\\\/#website\",\"url\":\"https:\\\/\\\/urbanpromo.it\\\/2017\\\/\",\"name\":\"Edizione 2017\",\"description\":\"Urbanpromo - XIV Edizione\",\"potentialAction\":[{\"@type\":\"SearchAction\",\"target\":{\"@type\":\"EntryPoint\",\"urlTemplate\":\"https:\\\/\\\/urbanpromo.it\\\/2017\\\/?s={search_term_string}\"},\"query-input\":{\"@type\":\"PropertyValueSpecification\",\"valueRequired\":true,\"valueName\":\"search_term_string\"}}],\"inLanguage\":\"it-IT\"}]}<\/script>\n<!-- \/ Yoast SEO plugin. -->","yoast_head_json":{"title":"SOCIAL HOUSING OFF - Edizione 2017","robots":{"index":"index","follow":"follow","max-snippet":"max-snippet:-1","max-image-preview":"max-image-preview:large","max-video-preview":"max-video-preview:-1"},"canonical":"https:\/\/urbanpromo.it\/2017\/urbanpromo-social-housing\/social-housing-off\/","og_locale":"it_IT","og_type":"article","og_title":"SOCIAL HOUSING OFF - Edizione 2017","og_description":"&nbsp; GRATTACIELO INTESA SANPAOLO \u201cIl futuro \u00e8 l\u2019unico posto dove possiamo andare\u201d &#8211; Renzo Piano Urbanpromo 2017 offre l\u2019opportunit\u00e0 di condividere un momento conviviale nella straordinaria cornice della serra bioclimatica al 36\u00b0 piano del grattacielo Intesa San Paolo. Bianco e luminoso, l\u2019edificio progettato da Renzo Piano \u00e8 stato realizzato tra il 2010 e il 2015 ...","og_url":"https:\/\/urbanpromo.it\/2017\/urbanpromo-social-housing\/social-housing-off\/","og_site_name":"Edizione 2017","article_modified_time":"2017-10-24T09:54:39+00:00","twitter_card":"summary_large_image","twitter_misc":{"Est. reading time":"1 minuto"},"schema":{"@context":"https:\/\/schema.org","@graph":[{"@type":"WebPage","@id":"https:\/\/urbanpromo.it\/2017\/urbanpromo-social-housing\/social-housing-off\/","url":"https:\/\/urbanpromo.it\/2017\/urbanpromo-social-housing\/social-housing-off\/","name":"SOCIAL HOUSING OFF - Edizione 2017","isPartOf":{"@id":"https:\/\/urbanpromo.it\/2017\/#website"},"datePublished":"2017-10-24T08:57:28+00:00","dateModified":"2017-10-24T09:54:39+00:00","breadcrumb":{"@id":"https:\/\/urbanpromo.it\/2017\/urbanpromo-social-housing\/social-housing-off\/#breadcrumb"},"inLanguage":"it-IT","potentialAction":[{"@type":"ReadAction","target":["https:\/\/urbanpromo.it\/2017\/urbanpromo-social-housing\/social-housing-off\/"]}]},{"@type":"BreadcrumbList","@id":"https:\/\/urbanpromo.it\/2017\/urbanpromo-social-housing\/social-housing-off\/#breadcrumb","itemListElement":[{"@type":"ListItem","position":1,"name":"Home","item":"https:\/\/urbanpromo.it\/2017\/"},{"@type":"ListItem","position":2,"name":"Urbanpromo Social Housing","item":"https:\/\/urbanpromo.it\/2017\/urbanpromo-social-housing\/"},{"@type":"ListItem","position":3,"name":"SOCIAL HOUSING OFF"}]},{"@type":"WebSite","@id":"https:\/\/urbanpromo.it\/2017\/#website","url":"https:\/\/urbanpromo.it\/2017\/","name":"Edizione 2017","description":"Urbanpromo - XIV Edizione","potentialAction":[{"@type":"SearchAction","target":{"@type":"EntryPoint","urlTemplate":"https:\/\/urbanpromo.it\/2017\/?s={search_term_string}"},"query-input":{"@type":"PropertyValueSpecification","valueRequired":true,"valueName":"search_term_string"}}],"inLanguage":"it-IT"}]}},"_links":{"self":[{"href":"https:\/\/urbanpromo.it\/2017\/wp-json\/wp\/v2\/pages\/9244","targetHints":{"allow":["GET"]}}],"collection":[{"href":"https:\/\/urbanpromo.it\/2017\/wp-json\/wp\/v2\/pages"}],"about":[{"href":"https:\/\/urbanpromo.it\/2017\/wp-json\/wp\/v2\/types\/page"}],"author":[{"embeddable":true,"href":"https:\/\/urbanpromo.it\/2017\/wp-json\/wp\/v2\/users\/2"}],"replies":[{"embeddable":true,"href":"https:\/\/urbanpromo.it\/2017\/wp-json\/wp\/v2\/comments?post=9244"}],"version-history":[{"count":0,"href":"https:\/\/urbanpromo.it\/2017\/wp-json\/wp\/v2\/pages\/9244\/revisions"}],"up":[{"embeddable":true,"href":"https:\/\/urbanpromo.it\/2017\/wp-json\/wp\/v2\/pages\/65"}],"wp:attachment":[{"href":"https:\/\/urbanpromo.it\/2017\/wp-json\/wp\/v2\/media?parent=9244"}],"curies":[{"name":"wp","href":"https:\/\/api.w.org\/{rel}","templated":true}]}}