{"id":7751,"date":"2017-07-10T18:06:30","date_gmt":"2017-07-10T16:06:30","guid":{"rendered":"http:\/\/urbanpromo.it\/2018\/?page_id=7751"},"modified":"2018-09-05T16:03:37","modified_gmt":"2018-09-05T14:03:37","slug":"partecipare","status":"publish","type":"page","link":"https:\/\/urbanpromo.it\/2018\/urbanpromo-green\/partecipare\/","title":{"rendered":"Partecipare"},"content":{"rendered":"<p><strong>5 settembre 2018 &#8211; Comunicazione<\/strong><\/p>\n<p>\u00c8 possibile iscriversi a Urbanpromo Green compilando i moduli presenti in questa pagina.<br \/>\nLa registrazione \u00e8 gratuita, il pass \u00e8 valido per tutta la durata dell&#8217;evento.<\/p>\n<p>&nbsp;<\/p>\n<hr \/>\n<h4><b>REGISTRAZIONE PARTECIPANTI<\/b><\/h4>\n<p>La partecipazione a Urbanpromo Green \u00e8 gratuita, previa registrazione online.<\/p>\n<blockquote>\n<p style=\"text-align: left\"><strong>&gt;&gt;&gt; <a href=\"http:\/\/iscrizioni.urbanpromo.it\/public\/index\/step_2\" target=\"_blank\" rel=\"noopener\">ISCRIZIONE PARTECIPANTI<\/a><\/strong><\/p>\n<\/blockquote>\n<hr \/>\n<h4><strong>ARCHITETTI E INGEGNERI (Crediti Formativi Professionali)<\/strong><\/h4>\n<p>Le iniziative in programma sono riconosciute quali eventi formativi da parte dell&#8217;Ordine degli Architetti Pianificatori Paesaggisti e Conservatori di Venezia e dalla Fondazione Ingegneri Veneziani.<\/p>\n<blockquote>\n<p style=\"text-align: left\"><strong>&gt;&gt;&gt; <a href=\"http:\/\/www.ordinevenezia.it\/formazione\/corsi\/\">ISCRIZIONE ARCHITETTI<\/a>\u00a0<\/strong>(per CFP, elenco con tutti i seminari)<\/p>\n<p style=\"text-align: left\"><strong>&gt;&gt;&gt; <a href=\"http:\/\/www.ordineingegneri.ve.it\/\">ISCRIZIONE INGEGNERI<\/a>\u00a0<\/strong>(per CFP, elenco con tutti i seminari)<\/p>\n<\/blockquote>\n<p>ATTENZIONE: una volta effettuata l&#8217;iscrizione per i CFP \u00e8 necessario registrarsi per ricevere il badge da stampare ed esibire all&#8217;ingresso.<\/p>\n<blockquote><p>&gt;&gt;&gt; <a href=\"http:\/\/iscrizioni.urbanpromo.it\/public\/index\/step_2\" target=\"_blank\" rel=\"noopener\"><strong>RICHIEDERE\u00a0IL PASS<\/strong><\/a><\/p><\/blockquote>\n<p>NOTA BENE: agli architetti sono riconosciuti 4 CFP per ciascun evento formativo (con frequenza del 100%); agli ingegneri \u00e8 riconosciuto 1 CFP\/ora per ciascun evento formativo (con frequenza del 100%). Ricordiamo che \u00e8 necessario firmare la presenza in entrata e in uscita.\u00a0Nel caso in cui non si desideri ottenere i CFP \u00e8 possibile registrarsi gratuitamente come partecipanti.<\/p>\n<hr \/>\n<h4><strong>STUDENTI<\/strong><\/h4>\n<p>Tutti gli studenti possono partecipare gratuitamente alle iniziative di Urbanpromo GREEN, \u00e8 sufficiente registrarsi on-line:<\/p>\n<blockquote>\n<p style=\"text-align: left\"><strong>&gt;&gt;&gt; <a href=\"http:\/\/iscrizioni.urbanpromo.it\/public\/index\/step_2\" target=\"_blank\" rel=\"noopener\">REGISTRAZIONE STUDENTI<\/a>\u00a0<\/strong><\/p>\n<\/blockquote>\n<hr \/>\n<h4><strong>RELATORI<\/strong><\/h4>\n<p>I relatori sono accreditati d&#8217;ufficio, sar\u00e0 possibile ritirare il badge direttamente all&#8217;ingresso presso la reception.<br \/>\nI relatori iscritti all&#8217;Ordine degli Architetti potranno ottenere i CFP presenziando all&#8217;intera sessione in cui intervengono e registrandosi, con firma in entrata e in uscita.<br \/>\nPer maggiori informazioni contattare la segreteria organizzativa.<\/p>\n<hr \/>\n<p><em>I posti a sedere non sono garantiti. L\u2019ingresso alle aule dove si svolgono i convegni \u00e8 consentito fino al raggiungimento della capienza massima.<\/em><\/p>\n","protected":false},"excerpt":{"rendered":"<p>5 settembre 2018 &#8211; Comunicazione \u00c8 possibile iscriversi a Urbanpromo Green compilando i moduli presenti in questa pagina. La registrazione \u00e8 gratuita, il pass \u00e8 valido per tutta la durata dell&#8217;evento. &nbsp; REGISTRAZIONE PARTECIPANTI La partecipazione a Urbanpromo Green \u00e8 gratuita, previa registrazione online. &gt;&gt;&gt; ISCRIZIONE PARTECIPANTI ARCHITETTI E INGEGNERI (Crediti Formativi Professionali) Le iniziative &#8230;<\/p>\n","protected":false},"author":1,"featured_media":0,"parent":7746,"menu_order":0,"comment_status":"open","ping_status":"closed","template":"template-page-full.php","meta":{"_acf_changed":false,"footnotes":""},"class_list":["post-7751","page","type-page","status-publish","hentry"],"acf":[],"_links":{"self":[{"href":"https:\/\/urbanpromo.it\/2018\/wp-json\/wp\/v2\/pages\/7751","targetHints":{"allow":["GET"]}}],"collection":[{"href":"https:\/\/urbanpromo.it\/2018\/wp-json\/wp\/v2\/pages"}],"about":[{"href":"https:\/\/urbanpromo.it\/2018\/wp-json\/wp\/v2\/types\/page"}],"author":[{"embeddable":true,"href":"https:\/\/urbanpromo.it\/2018\/wp-json\/wp\/v2\/users\/1"}],"replies":[{"embeddable":true,"href":"https:\/\/urbanpromo.it\/2018\/wp-json\/wp\/v2\/comments?post=7751"}],"version-history":[{"count":0,"href":"https:\/\/urbanpromo.it\/2018\/wp-json\/wp\/v2\/pages\/7751\/revisions"}],"up":[{"embeddable":true,"href":"https:\/\/urbanpromo.it\/2018\/wp-json\/wp\/v2\/pages\/7746"}],"wp:attachment":[{"href":"https:\/\/urbanpromo.it\/2018\/wp-json\/wp\/v2\/media?parent=7751"}],"curies":[{"name":"wp","href":"https:\/\/api.w.org\/{rel}","templated":true}]}}