{"id":3888,"date":"2016-07-13T13:09:42","date_gmt":"2016-07-13T11:09:42","guid":{"rendered":"http:\/\/analogforecast.com\/2016\/?page_id=3888"},"modified":"2019-11-08T09:28:02","modified_gmt":"2019-11-08T08:28:02","slug":"urbanpromo-progetto-paese","status":"publish","type":"page","link":"https:\/\/urbanpromo.it\/2019\/urbanpromo-progetto-paese\/","title":{"rendered":"Urbanpromo Progetti per il Paese"},"content":{"rendered":"<p>Dal 12 al 15 novembre 2019 Torino ospiter\u00e0 la XVI edizione di Urbanpromo &#8220;Progetti per il Paese&#8221;. Crescita, sviluppo, progresso e apertura internazionale sono concetti che Urbanpromo condivide nell&#8217;elaborazione del suo progetto culturale.<\/p>\n<p>La stessa sede di Urbanpromo 2019 &#8211; la Nuvola Lavazza a Torino &#8211; \u00e8 una caso emblematico della rigenerazione di una parte degradata della citt\u00e0 grazie all&#8217;impiego di risorse imprenditoriali e finanziarie private, d\u2019intesa con l\u2019Amministrazione della Citt\u00e0. La rigenerazione urbanistica, sociale ed economica di parti di citt\u00e0 degradate attraverso forme partenariali pubblico-private \u00e8 un tema centrale della manifestazione, che mira alla valorizzazione e diffusione delle realizzazioni meglio riuscite e dei progetti pi\u00f9 stimolanti, per promuovere, con l\u2019esempio, l\u2019avvio dei processi di riqualificazione.<\/p>\n<p>Urbanpromo &#8220;Progetti per il Paese&#8221; \u00e8 formato da una esposizione di progetti e da un qualificato programma di convegni. L&#8217;esposizione di progetti \u00e8 ospitata negli spazi della Centrale della Nuvola Lavazza. I progetti sono visionabili sia attraverso modalit\u00e0 rappresentative tradizionali (pannelli, video, plastici), sia accedendo alla Gallery on-line grazie alle postazioni appositamente realizzate.<\/p>\n<p>L&#8217;alto profilo scientifico, tecnico e culturale di Urbanpromo \u00e8 garantito dal programma di convegni, seminari e incontri. I grandi temi attuali della rigenerazione urbana, dello sviluppo sostenibile, dell&#8217;abitare sociale, trovano diretto riscontro attraverso la presentazione di iniziative e progetti originali, in grado di innescare stimolanti confronti e di promuovere la diffusione delle innovazioni.<\/p>\n","protected":false},"excerpt":{"rendered":"<p>Dal 12 al 15 novembre 2019 Torino ospiter\u00e0 la XVI edizione di Urbanpromo &#8220;Progetti per il Paese&#8221;. Crescita, sviluppo, progresso e apertura internazionale sono concetti che Urbanpromo condivide nell&#8217;elaborazione del suo progetto culturale. La stessa sede di Urbanpromo 2019 &#8211; la Nuvola Lavazza a Torino &#8211; \u00e8 una caso emblematico della rigenerazione di una parte &#8230;<\/p>\n","protected":false},"author":2,"featured_media":0,"parent":0,"menu_order":0,"comment_status":"closed","ping_status":"closed","template":"page-templates\/template-page-full.php","meta":{"_acf_changed":false,"footnotes":""},"class_list":["post-3888","page","type-page","status-publish","hentry"],"acf":[],"yoast_head":"<!-- This site is optimized with the Yoast SEO plugin v27.4 - https:\/\/yoast.com\/product\/yoast-seo-wordpress\/ -->\n<title>Urbanpromo Progetti per il Paese - Edizione 2019<\/title>\n<meta name=\"robots\" content=\"index, follow, max-snippet:-1, max-image-preview:large, max-video-preview:-1\" \/>\n<link rel=\"canonical\" href=\"https:\/\/urbanpromo.it\/2019\/urbanpromo-progetto-paese\/\" \/>\n<meta property=\"og:locale\" content=\"it_IT\" \/>\n<meta property=\"og:type\" content=\"article\" \/>\n<meta property=\"og:title\" content=\"Urbanpromo Progetti per il Paese - Edizione 2019\" \/>\n<meta property=\"og:description\" content=\"Dal 12 al 15 novembre 2019 Torino ospiter\u00e0 la XVI edizione di Urbanpromo &#8220;Progetti per il Paese&#8221;. Crescita, sviluppo, progresso e apertura internazionale sono concetti che Urbanpromo condivide nell&#8217;elaborazione del suo progetto culturale. La stessa sede di Urbanpromo 2019 &#8211; la Nuvola Lavazza a Torino &#8211; \u00e8 una caso emblematico della rigenerazione di una parte ...\" \/>\n<meta property=\"og:url\" content=\"https:\/\/urbanpromo.it\/2019\/urbanpromo-progetto-paese\/\" \/>\n<meta property=\"og:site_name\" content=\"Edizione 2019\" \/>\n<meta property=\"article:modified_time\" content=\"2019-11-08T08:28:02+00:00\" \/>\n<meta name=\"twitter:card\" content=\"summary_large_image\" \/>\n<meta name=\"twitter:label1\" content=\"Est. reading time\" \/>\n\t<meta name=\"twitter:data1\" content=\"1 minuto\" \/>\n<script type=\"application\/ld+json\" class=\"yoast-schema-graph\">{\"@context\":\"https:\\\/\\\/schema.org\",\"@graph\":[{\"@type\":\"WebPage\",\"@id\":\"https:\\\/\\\/urbanpromo.it\\\/2019\\\/urbanpromo-progetto-paese\\\/\",\"url\":\"https:\\\/\\\/urbanpromo.it\\\/2019\\\/urbanpromo-progetto-paese\\\/\",\"name\":\"Urbanpromo Progetti per il Paese - Edizione 2019\",\"isPartOf\":{\"@id\":\"https:\\\/\\\/urbanpromo.it\\\/2019\\\/#website\"},\"datePublished\":\"2016-07-13T11:09:42+00:00\",\"dateModified\":\"2019-11-08T08:28:02+00:00\",\"breadcrumb\":{\"@id\":\"https:\\\/\\\/urbanpromo.it\\\/2019\\\/urbanpromo-progetto-paese\\\/#breadcrumb\"},\"inLanguage\":\"it-IT\",\"potentialAction\":[{\"@type\":\"ReadAction\",\"target\":[\"https:\\\/\\\/urbanpromo.it\\\/2019\\\/urbanpromo-progetto-paese\\\/\"]}]},{\"@type\":\"BreadcrumbList\",\"@id\":\"https:\\\/\\\/urbanpromo.it\\\/2019\\\/urbanpromo-progetto-paese\\\/#breadcrumb\",\"itemListElement\":[{\"@type\":\"ListItem\",\"position\":1,\"name\":\"Home\",\"item\":\"https:\\\/\\\/urbanpromo.it\\\/2019\\\/\"},{\"@type\":\"ListItem\",\"position\":2,\"name\":\"Urbanpromo Progetti per il Paese\"}]},{\"@type\":\"WebSite\",\"@id\":\"https:\\\/\\\/urbanpromo.it\\\/2019\\\/#website\",\"url\":\"https:\\\/\\\/urbanpromo.it\\\/2019\\\/\",\"name\":\"Edizione 2019\",\"description\":\"Urbanpromo - XVI Edizione\",\"potentialAction\":[{\"@type\":\"SearchAction\",\"target\":{\"@type\":\"EntryPoint\",\"urlTemplate\":\"https:\\\/\\\/urbanpromo.it\\\/2019\\\/?s={search_term_string}\"},\"query-input\":{\"@type\":\"PropertyValueSpecification\",\"valueRequired\":true,\"valueName\":\"search_term_string\"}}],\"inLanguage\":\"it-IT\"}]}<\/script>\n<!-- \/ Yoast SEO plugin. -->","yoast_head_json":{"title":"Urbanpromo Progetti per il Paese - Edizione 2019","robots":{"index":"index","follow":"follow","max-snippet":"max-snippet:-1","max-image-preview":"max-image-preview:large","max-video-preview":"max-video-preview:-1"},"canonical":"https:\/\/urbanpromo.it\/2019\/urbanpromo-progetto-paese\/","og_locale":"it_IT","og_type":"article","og_title":"Urbanpromo Progetti per il Paese - Edizione 2019","og_description":"Dal 12 al 15 novembre 2019 Torino ospiter\u00e0 la XVI edizione di Urbanpromo &#8220;Progetti per il Paese&#8221;. Crescita, sviluppo, progresso e apertura internazionale sono concetti che Urbanpromo condivide nell&#8217;elaborazione del suo progetto culturale. La stessa sede di Urbanpromo 2019 &#8211; la Nuvola Lavazza a Torino &#8211; \u00e8 una caso emblematico della rigenerazione di una parte ...","og_url":"https:\/\/urbanpromo.it\/2019\/urbanpromo-progetto-paese\/","og_site_name":"Edizione 2019","article_modified_time":"2019-11-08T08:28:02+00:00","twitter_card":"summary_large_image","twitter_misc":{"Est. reading time":"1 minuto"},"schema":{"@context":"https:\/\/schema.org","@graph":[{"@type":"WebPage","@id":"https:\/\/urbanpromo.it\/2019\/urbanpromo-progetto-paese\/","url":"https:\/\/urbanpromo.it\/2019\/urbanpromo-progetto-paese\/","name":"Urbanpromo Progetti per il Paese - Edizione 2019","isPartOf":{"@id":"https:\/\/urbanpromo.it\/2019\/#website"},"datePublished":"2016-07-13T11:09:42+00:00","dateModified":"2019-11-08T08:28:02+00:00","breadcrumb":{"@id":"https:\/\/urbanpromo.it\/2019\/urbanpromo-progetto-paese\/#breadcrumb"},"inLanguage":"it-IT","potentialAction":[{"@type":"ReadAction","target":["https:\/\/urbanpromo.it\/2019\/urbanpromo-progetto-paese\/"]}]},{"@type":"BreadcrumbList","@id":"https:\/\/urbanpromo.it\/2019\/urbanpromo-progetto-paese\/#breadcrumb","itemListElement":[{"@type":"ListItem","position":1,"name":"Home","item":"https:\/\/urbanpromo.it\/2019\/"},{"@type":"ListItem","position":2,"name":"Urbanpromo Progetti per il Paese"}]},{"@type":"WebSite","@id":"https:\/\/urbanpromo.it\/2019\/#website","url":"https:\/\/urbanpromo.it\/2019\/","name":"Edizione 2019","description":"Urbanpromo - XVI Edizione","potentialAction":[{"@type":"SearchAction","target":{"@type":"EntryPoint","urlTemplate":"https:\/\/urbanpromo.it\/2019\/?s={search_term_string}"},"query-input":{"@type":"PropertyValueSpecification","valueRequired":true,"valueName":"search_term_string"}}],"inLanguage":"it-IT"}]}},"_links":{"self":[{"href":"https:\/\/urbanpromo.it\/2019\/wp-json\/wp\/v2\/pages\/3888","targetHints":{"allow":["GET"]}}],"collection":[{"href":"https:\/\/urbanpromo.it\/2019\/wp-json\/wp\/v2\/pages"}],"about":[{"href":"https:\/\/urbanpromo.it\/2019\/wp-json\/wp\/v2\/types\/page"}],"author":[{"embeddable":true,"href":"https:\/\/urbanpromo.it\/2019\/wp-json\/wp\/v2\/users\/2"}],"replies":[{"embeddable":true,"href":"https:\/\/urbanpromo.it\/2019\/wp-json\/wp\/v2\/comments?post=3888"}],"version-history":[{"count":0,"href":"https:\/\/urbanpromo.it\/2019\/wp-json\/wp\/v2\/pages\/3888\/revisions"}],"wp:attachment":[{"href":"https:\/\/urbanpromo.it\/2019\/wp-json\/wp\/v2\/media?parent=3888"}],"curies":[{"name":"wp","href":"https:\/\/api.w.org\/{rel}","templated":true}]}}