{"id":7752,"date":"2017-07-10T18:06:34","date_gmt":"2017-07-10T16:06:34","guid":{"rendered":"http:\/\/urbanpromo.it\/2018\/?page_id=7752"},"modified":"2019-09-10T10:16:38","modified_gmt":"2019-09-10T08:16:38","slug":"temi","status":"publish","type":"page","link":"https:\/\/urbanpromo.it\/2019\/urbanpromo-green\/temi\/","title":{"rendered":"Temi"},"content":{"rendered":"<p>La terza edizione di Urbanpromo Green 2019 rispetto alle precedenti edizioni propone una ulteriore specializzazione e approfondimento, e una organizzazione sempre pi\u00f9 attenta agli interessi scientifici e tecnici di una platea ampia e variegata di fruitori, definendo il proprio palinsesto attorno a sei sezioni tematiche:<\/p>\n<ul>\n<li>Citt\u00e0 Accoglienti, sicure e sostenibili<\/li>\n<li>il Verde infrastruttura delle citt\u00e0<\/li>\n<li>i paesaggi dell&#8217;acqua<\/li>\n<li>smart comunities per smart cities<\/li>\n<li>soustainable mobility<\/li>\n<li>energia sostenibile<\/li>\n<\/ul>\n<p>Su queste ed altre rilevanti questioni che animano gli studi e le progettazioni ispirate dall\u2019idea della sostenibilit\u00e0, Urbanpromo Green 2019 intende coinvolgere gli organi dello Stato, le Regioni ed i Comuni, insieme con gli altri soggetti pubblici titolari di varie competenze, le associazioni, i professionisti, il mondo della ricerca e della formazione, le aziende produttrici di beni e servizi che concorrono alla realizzazione di uno sviluppo sostenibile.<\/p>\n<p>&nbsp;<\/p>\n<hr \/>\n<h3><img loading=\"lazy\" decoding=\"async\" class=\"wp-image-14615 size-thumbnail aligncenter\" src=\"http:\/\/urbanpromo.it\/content\/uploads\/sites\/14\/2019\/06\/Citt\u00e0-accoglienti-sicure-e-sostenibili-150x150.jpg\" alt=\"\" width=\"150\" height=\"150\" srcset=\"https:\/\/urbanpromo.it\/content\/uploads\/sites\/14\/2019\/06\/Citt\u00e0-accoglienti-sicure-e-sostenibili-150x150.jpg 150w, https:\/\/urbanpromo.it\/content\/uploads\/sites\/14\/2019\/06\/Citt\u00e0-accoglienti-sicure-e-sostenibili-300x300.jpg 300w, https:\/\/urbanpromo.it\/content\/uploads\/sites\/14\/2019\/06\/Citt\u00e0-accoglienti-sicure-e-sostenibili-768x768.jpg 768w, https:\/\/urbanpromo.it\/content\/uploads\/sites\/14\/2019\/06\/Citt\u00e0-accoglienti-sicure-e-sostenibili-250x250.jpg 250w, https:\/\/urbanpromo.it\/content\/uploads\/sites\/14\/2019\/06\/Citt\u00e0-accoglienti-sicure-e-sostenibili-460x460.jpg 460w, https:\/\/urbanpromo.it\/content\/uploads\/sites\/14\/2019\/06\/Citt\u00e0-accoglienti-sicure-e-sostenibili.jpg 886w\" sizes=\"auto, (max-width: 150px) 100vw, 150px\" \/><\/h3>\n<h3>CITT\u00c0 ACCOGLIENTI, SICURE E SOSTENIBILI<\/h3>\n<p>La sezione affronta i temi della sicurezza della citt\u00e0 e degli edifici cercando di rendere esplicite le connessioni fra le due dimensioni.<br \/>\nIn Italia sono presenti numerosi interventi normativi che tendono ad agevolare la messa in sicurezza ai fini sismici di strutture edilizie pubbliche e private e a migliorare l\u2019efficienza energetica degli edifici. La sezione tenta di comporre un quadro di queste iniziative, eterogenee e spesso derivanti da politiche e settori diversi della pubblica amministrazione.<br \/>\nPer quanto concerne la dimensione edilizia, la sezione intende approfondire gli aspetti tecnici da considerare nella realizzazione degli interventi anche alla luce delle nuove norme tecniche per le costruzioni (e delle relative circolari esplicative), nonch\u00e9 delle pi\u00f9 recenti innovazioni tecniche con particolare riferimento alle tecnologie e alle strutture in legno (anche negli interventi di recupero e ristrutturazione edilizia) e all\u2019impiego di materiali innovativi sostenibili.<br \/>\nPer quanto riguarda la dimensione urbana, la sezione accoglie alcuni temi di grande attualit\u00e0, quali quelli della progettazione di citt\u00e0 resilienti, le strategie di contrasto dei processi di consumo di suolo, la riqualificazione di aree urbane dismesse attraverso gli interventi di bonifica, demolizione e gli usi temporanei.<br \/>\nNella sezione il tema della sicurezza si intreccia con quello dell\u2019inclusione sociale e della partecipazione dei cittadini alle decisioni pubbliche circa il futuro della citt\u00e0. Emblematico \u00e8 il caso delle linee guida del Ministero delle Infrastrutture e dei Trasporti ai processi di VAS e di VIA.<\/p>\n<p>&nbsp;<\/p>\n<hr \/>\n<h3><img loading=\"lazy\" decoding=\"async\" class=\"wp-image-14616 size-thumbnail aligncenter\" src=\"http:\/\/urbanpromo.it\/content\/uploads\/sites\/14\/2019\/06\/Il-verde-infrastruttura-delle-citt\u00e0-150x150.jpg\" alt=\"\" width=\"150\" height=\"150\" srcset=\"https:\/\/urbanpromo.it\/content\/uploads\/sites\/14\/2019\/06\/Il-verde-infrastruttura-delle-citt\u00e0-150x150.jpg 150w, https:\/\/urbanpromo.it\/content\/uploads\/sites\/14\/2019\/06\/Il-verde-infrastruttura-delle-citt\u00e0-300x300.jpg 300w, https:\/\/urbanpromo.it\/content\/uploads\/sites\/14\/2019\/06\/Il-verde-infrastruttura-delle-citt\u00e0-768x768.jpg 768w, https:\/\/urbanpromo.it\/content\/uploads\/sites\/14\/2019\/06\/Il-verde-infrastruttura-delle-citt\u00e0-250x250.jpg 250w, https:\/\/urbanpromo.it\/content\/uploads\/sites\/14\/2019\/06\/Il-verde-infrastruttura-delle-citt\u00e0-460x460.jpg 460w, https:\/\/urbanpromo.it\/content\/uploads\/sites\/14\/2019\/06\/Il-verde-infrastruttura-delle-citt\u00e0.jpg 886w\" sizes=\"auto, (max-width: 150px) 100vw, 150px\" \/><\/h3>\n<h3>IL VERDE INFRASTRUTTURA DELLE CITT\u00c0<\/h3>\n<p>La sezione affronta gli aspetti di carattere ambientale e urbanistico insiti nella pianificazione e progettazione dei grandi parchi urbani e nella riqualificazione degli spazi urbani verdi. A oltre cinquanta anni dalla affermazione del verde urbano quale standard urbanistico, la sezione presenter\u00e0 nuove modalit\u00e0 di interpretare e progettare gli spazi verdi a beneficio della collettivit\u00e0.<br \/>\nIn questa sezione saranno anche inseriti i temi relativi ad esperienze di agricoltura urbana e di uso innovativo delle relative tecnologie. La produzione del cibo in citt\u00e0, la sua distribuzione ed il suo consumo, fino alla formazione e al trattamento dei rifiuti, saranno considerati alla luce di concrete esperienze che si prefiggono di realizzare una economia circolare.<\/p>\n<p>&nbsp;<\/p>\n<hr \/>\n<h3><img loading=\"lazy\" decoding=\"async\" class=\"wp-image-14618 size-thumbnail aligncenter\" src=\"http:\/\/urbanpromo.it\/content\/uploads\/sites\/14\/2019\/06\/I-paesaggi-dellacqua-150x150.jpg\" alt=\"\" width=\"150\" height=\"150\" srcset=\"https:\/\/urbanpromo.it\/content\/uploads\/sites\/14\/2019\/06\/I-paesaggi-dellacqua-150x150.jpg 150w, https:\/\/urbanpromo.it\/content\/uploads\/sites\/14\/2019\/06\/I-paesaggi-dellacqua-300x300.jpg 300w, https:\/\/urbanpromo.it\/content\/uploads\/sites\/14\/2019\/06\/I-paesaggi-dellacqua-768x768.jpg 768w, https:\/\/urbanpromo.it\/content\/uploads\/sites\/14\/2019\/06\/I-paesaggi-dellacqua-250x250.jpg 250w, https:\/\/urbanpromo.it\/content\/uploads\/sites\/14\/2019\/06\/I-paesaggi-dellacqua-460x460.jpg 460w, https:\/\/urbanpromo.it\/content\/uploads\/sites\/14\/2019\/06\/I-paesaggi-dellacqua.jpg 886w\" sizes=\"auto, (max-width: 150px) 100vw, 150px\" \/><\/h3>\n<h3>I PAESAGGI DELL\u2019ACQUA<\/h3>\n<p>La sezione affronta gli aspetti di carattere ambientale e urbanistico insiti nella pianificazione e progettazione dei grandi parchi urbani e nella riqualificazione degli spazi urbani verdi. A oltre cinquanta anni dalla affermazione del verde urbano quale standard urbanistico, la sezione presenter\u00e0 nuove modalit\u00e0 di interpretare e progettare gli spazi verdi a beneficio della collettivit\u00e0.<br \/>\nIn questa sezione saranno anche inseriti i temi relativi ad esperienze di agricoltura urbana e di uso innovativo delle relative tecnologie. La produzione del cibo in citt\u00e0, la sua distribuzione ed il suo consumo, fino alla formazione e al trattamento dei rifiuti, saranno considerati alla luce di concrete esperienze che si prefiggono di realizzare una economia circolare.<\/p>\n<p>&nbsp;<\/p>\n<hr \/>\n<h3><img loading=\"lazy\" decoding=\"async\" class=\"wp-image-14619 size-thumbnail aligncenter\" src=\"http:\/\/urbanpromo.it\/content\/uploads\/sites\/14\/2019\/06\/Smart-communities-per-smart-cities-150x150.jpg\" alt=\"\" width=\"150\" height=\"150\" srcset=\"https:\/\/urbanpromo.it\/content\/uploads\/sites\/14\/2019\/06\/Smart-communities-per-smart-cities-150x150.jpg 150w, https:\/\/urbanpromo.it\/content\/uploads\/sites\/14\/2019\/06\/Smart-communities-per-smart-cities-300x300.jpg 300w, https:\/\/urbanpromo.it\/content\/uploads\/sites\/14\/2019\/06\/Smart-communities-per-smart-cities-768x768.jpg 768w, https:\/\/urbanpromo.it\/content\/uploads\/sites\/14\/2019\/06\/Smart-communities-per-smart-cities-250x250.jpg 250w, https:\/\/urbanpromo.it\/content\/uploads\/sites\/14\/2019\/06\/Smart-communities-per-smart-cities-460x460.jpg 460w, https:\/\/urbanpromo.it\/content\/uploads\/sites\/14\/2019\/06\/Smart-communities-per-smart-cities.jpg 886w\" sizes=\"auto, (max-width: 150px) 100vw, 150px\" \/><\/h3>\n<h3>SMART COMMUNITIES PER SMART CITIES<\/h3>\n<p>Il tema cruciale della sezione \u00e8 rappresentato dal cambiamento della vita urbana per effetto delle nuove tecnologie che aumentano la possibilit\u00e0 di produrre dati, comunicare, condividere l\u2019informazione territoriale e di fare rete nelle citt\u00e0.<br \/>\nIl tema, sviluppato in collaborazione con l\u2019ENEA che ha recentemente prodotto un concept per la \u201ccitt\u00e0 intelligente\u201d nell&#8217;ambito del progetto \u201cSviluppo di un modello integrato di Smart District Urbano\u201d, affronta le molteplici espressioni di uso intelligente delle tecnologie da parte delle Pubbliche Amministrazioni e delle comunit\u00e0. Saranno valorizzati i casi di uso e sperimentazione di strumentazioni tecnologiche innovative che aumentano la capacit\u00e0 di lettura della complessit\u00e0 urbana, incentivando cos\u00ec una pianificazione attenta a risolvere problemi urbani altrimenti difficili da identificare. Alcuni esempi possono essere la gestione degli effetti dei cambiamenti climatici, l\u2019efficientamento del trasporto pubblico, l\u2019apporto di innovazione sociale o la riqualificazione degli spazi urbani.<\/p>\n<p>&nbsp;<\/p>\n<hr \/>\n<h3><img loading=\"lazy\" decoding=\"async\" class=\"wp-image-14620 size-thumbnail aligncenter\" src=\"http:\/\/urbanpromo.it\/content\/uploads\/sites\/14\/2019\/06\/Sousainable-mobility-150x150.jpg\" alt=\"\" width=\"150\" height=\"150\" srcset=\"https:\/\/urbanpromo.it\/content\/uploads\/sites\/14\/2019\/06\/Sousainable-mobility-150x150.jpg 150w, https:\/\/urbanpromo.it\/content\/uploads\/sites\/14\/2019\/06\/Sousainable-mobility-300x300.jpg 300w, https:\/\/urbanpromo.it\/content\/uploads\/sites\/14\/2019\/06\/Sousainable-mobility-768x768.jpg 768w, https:\/\/urbanpromo.it\/content\/uploads\/sites\/14\/2019\/06\/Sousainable-mobility-250x250.jpg 250w, https:\/\/urbanpromo.it\/content\/uploads\/sites\/14\/2019\/06\/Sousainable-mobility-460x460.jpg 460w, https:\/\/urbanpromo.it\/content\/uploads\/sites\/14\/2019\/06\/Sousainable-mobility.jpg 886w\" sizes=\"auto, (max-width: 150px) 100vw, 150px\" \/><\/h3>\n<h3>SUSTAINABLE MOBILITY<\/h3>\n<p>Urbanpromo Green partecipa alla European Mobility Week, promossa dalla Commissione Europea e curata in Italia dal Ministero dell&#8217;Ambiente, con la sezione tematica dedicata alla mobilit\u00e0 intesa come strumento per rendere interconnessi i territori con modalit\u00e0 prevalentemente non inquinanti e con costi accessibili.<br \/>\nFra i principali temi affrontati figurano la pianificazione regionale dei trasporti nell\u2019ottica della sostenibilit\u00e0, con l\u2019esempio del PRIT della Regione Veneto, i programmi di trasporto pubblico con mezzi che utilizzano fonti energetiche rinnovabili e alternative, l\u2019inquadramento legislativo regionale e la progettazione delle ciclovie nazionali e locali quali importanti infrastrutture a supporto di turismo, cultura, paesaggio, nonch\u00e9 della ciclabilit\u00e0 urbana con il suo fondamentale ruolo di completamento del sistema della mobilit\u00e0 dolce. La sezione vuole valorizzare le iniziative in corso nel Paese e creare opportunit\u00e0 di conoscenza e di confronto.<\/p>\n<p>&nbsp;<\/p>\n<hr \/>\n<h3><img loading=\"lazy\" decoding=\"async\" class=\"wp-image-14621 size-thumbnail aligncenter\" src=\"http:\/\/urbanpromo.it\/content\/uploads\/sites\/14\/2019\/06\/Energia-sostenibile-150x150.jpg\" alt=\"\" width=\"150\" height=\"150\" srcset=\"https:\/\/urbanpromo.it\/content\/uploads\/sites\/14\/2019\/06\/Energia-sostenibile-150x150.jpg 150w, https:\/\/urbanpromo.it\/content\/uploads\/sites\/14\/2019\/06\/Energia-sostenibile-300x300.jpg 300w, https:\/\/urbanpromo.it\/content\/uploads\/sites\/14\/2019\/06\/Energia-sostenibile-768x768.jpg 768w, https:\/\/urbanpromo.it\/content\/uploads\/sites\/14\/2019\/06\/Energia-sostenibile-250x250.jpg 250w, https:\/\/urbanpromo.it\/content\/uploads\/sites\/14\/2019\/06\/Energia-sostenibile-460x460.jpg 460w, https:\/\/urbanpromo.it\/content\/uploads\/sites\/14\/2019\/06\/Energia-sostenibile.jpg 886w\" sizes=\"auto, (max-width: 150px) 100vw, 150px\" \/><\/h3>\n<h3>ENERGIA SOSTENIBILE<\/h3>\n<p>Il tema dell&#8217;efficienza nella produzione e nel consumo di energia, con particolare riferimento agli agglomerati urbani e agli edifici, \u00e8 divenuto sempre pi\u00f9 centrale, sia quale motore di sviluppo economico sia quale driver di salvaguardia ambientale. La ricerca scientifica e le applicazioni industriali nel campo dell&#8217;energia sostenibile si sono progressivamente articolate in attivit\u00e0 e prodotti che ancora oggi si pongono al centro dell&#8217;attenzione per gli ulteriori avanzamenti a cui possono condurre.<br \/>\nQuali espressioni concrete del concetto di economia circolare si possono citare: l&#8217;adozione di materiali e impianti caratterizzati da prestazioni di vari ordini di grandezza superiori a quelli tradizionali; lo sviluppo di soluzioni innovative finalizzate a stimolare e supportare comportamenti pi\u00f9 efficienti da parte degli utenti; il ricorso alle energie rinnovabili e il recupero di energia dai rifiuti (esperienze pilota in tal senso sono in corso da parte di alcune aziende che operano nel settore della raccolta e recupero dei rifiuti urbani).<br \/>\nLo scorso dicembre 2018 sono state emanate dal Ministero dell&#8217;Ambiente le Linee Guida per la redazione dei Documenti di Pianificazione Energetica e Ambientale dei Sistemi Portuali, che impegnano le Autorit\u00e0 di Sistema Portuale ad individuare \u201cindirizzi strategici per l&#8217;implementazione di specifiche misure al fine di migliorare l&#8217;efficienza energetica e di promuovere l&#8217;uso di energie rinnovabili in ambito portuale\u201d.<\/p>\n<p>&nbsp;<\/p>\n<hr \/>\n<p>&nbsp;<\/p>\n<p>Su queste ed altre rilevanti questioni che animano gli studi e le progettazioni ispirate all&#8217;idea della sostenibilit\u00e0, Urbanpromo Green 2019 coinvolge gli organi di Stato, le Regioni ed i Comuni, insieme con gli altri soggetti pubblici titolari di varie competenze, le associazioni, i professionisti, il mondo della ricerca e della formazione, le aziende produttrici di beni e servizi che concorrono alla realizzazione di uno sviluppo sostenibile.<\/p>\n<p>&nbsp;<\/p>\n<hr \/>\n<p>&nbsp;<\/p>\n","protected":false},"excerpt":{"rendered":"<p>La terza edizione di Urbanpromo Green 2019 rispetto alle precedenti edizioni propone una ulteriore specializzazione e approfondimento, e una organizzazione sempre pi\u00f9 attenta agli interessi scientifici e tecnici di una platea ampia e variegata di fruitori, definendo il proprio palinsesto attorno a sei sezioni tematiche: Citt\u00e0 Accoglienti, sicure e sostenibili il Verde infrastruttura delle citt\u00e0 &#8230;<\/p>\n","protected":false},"author":1,"featured_media":0,"parent":7746,"menu_order":0,"comment_status":"closed","ping_status":"closed","template":"page-templates\/template-page-full.php","meta":{"_acf_changed":false,"footnotes":""},"class_list":["post-7752","page","type-page","status-publish","hentry"],"acf":[],"_links":{"self":[{"href":"https:\/\/urbanpromo.it\/2019\/wp-json\/wp\/v2\/pages\/7752","targetHints":{"allow":["GET"]}}],"collection":[{"href":"https:\/\/urbanpromo.it\/2019\/wp-json\/wp\/v2\/pages"}],"about":[{"href":"https:\/\/urbanpromo.it\/2019\/wp-json\/wp\/v2\/types\/page"}],"author":[{"embeddable":true,"href":"https:\/\/urbanpromo.it\/2019\/wp-json\/wp\/v2\/users\/1"}],"replies":[{"embeddable":true,"href":"https:\/\/urbanpromo.it\/2019\/wp-json\/wp\/v2\/comments?post=7752"}],"version-history":[{"count":0,"href":"https:\/\/urbanpromo.it\/2019\/wp-json\/wp\/v2\/pages\/7752\/revisions"}],"up":[{"embeddable":true,"href":"https:\/\/urbanpromo.it\/2019\/wp-json\/wp\/v2\/pages\/7746"}],"wp:attachment":[{"href":"https:\/\/urbanpromo.it\/2019\/wp-json\/wp\/v2\/media?parent=7752"}],"curies":[{"name":"wp","href":"https:\/\/api.w.org\/{rel}","templated":true}]}}