{"id":7752,"date":"2017-07-10T18:06:34","date_gmt":"2017-07-10T16:06:34","guid":{"rendered":"http:\/\/urbanpromo.it\/2018\/?page_id=7752"},"modified":"2021-09-22T15:17:21","modified_gmt":"2021-09-22T13:17:21","slug":"temi","status":"publish","type":"page","link":"https:\/\/urbanpromo.it\/2021\/urbanpromo-green\/temi\/","title":{"rendered":"Temi"},"content":{"rendered":"<p>La V edizione di Urbanpromo Green prosegue l\u2019impostazione della manifestazione, volta ad approfondire le forme e le modalit\u00e0 in cui si presenta il<span class=\"Apple-converted-space\">\u00a0 <\/span>principio guida della sostenibilit\u00e0 nella pianificazione della citt\u00e0 e del territorio, e nella progettazione e realizzazione degli interventi, facendo interagire teoria e prassi, il profilo tecnico-scientifico e le concrete esperienze. La manifestazione affronta un articolato quadro di tematiche che vengono approfondite in convegni e seminari, svolti secondo varie modalit\u00e0.<span class=\"Apple-converted-space\">\u00a0<\/span><\/p>\n<p>Il convegno di apertura <b>\u201cTerapia verde: curare con la natura\u201d<\/b> relaziona il tema del verde urbano, da sempre al centro dell\u2019interesse di Urbanpromo Green, alla cura della salute. Fra le numerose funzioni del verde saranno approfondite soprattutto quelle che contribuiscono al benessere e alla salute delle persone. Il convegno, in sessione plenaria, evidenzia come il verde, alle varie scale, possa essere funzionale al perseguimento di finalit\u00e0 terapeutiche. L\u2019obiettivo \u00e8 quello di valorizzare le competenze cliniche, progettuali e di conoscenza del verde, cos\u00ec da renderlo funzionale, nella progettazione e gestione urbana, alla realizzazione di una vera e propria \u201cterapia verde\u201d.<\/p>\n<p>Ampio \u00e8 lo spettro delle questioni successivamente affrontate.<\/p>\n<p>Il tema dello <b>sviluppo sostenibile<\/b> gi\u00e0 da tempo \u00e8 al centro di ricerche condotte nel campo accademico in relazione alla pianificazione del territorio e al progetto dell\u2019ambiente urbano. Soluzioni teoriche, metodologiche e operative sono state sviluppate per promuovere la <b>transizione socio-ecologica<\/b>. Si propone ora una riflessione su di esse alla luce di politiche e provvedimenti europei che portano all\u2019attenzione la forte influenza reciproca tra processi ecosistemici e attivit\u00e0 socio-economiche.<\/p>\n<p>Si rifletter\u00e0 inoltre sui possibili strumenti e sui <b>modelli di governance<\/b> che possano concretamente concorrere ad orientare e a supportare le scelte dei decisori politici e di tutti coloro che a diversi livelli operano sull\u2019uso del suolo con l\u2019intento di tutelare e mantenere la qualit\u00e0 della risorsa.<\/p>\n<p>Il recente European Green Deal mira a rendere sostenibile l\u2019economia europea attraverso la piena transizione verso la <b>green economy<\/b>, investendo su azioni volte a stimolare l\u2019uso efficiente delle risorse, arrestare i cambiamenti climatici, ridurre l\u2019inquinamento e la perdita di biodiversit\u00e0. Si approfondir\u00e0 il concetto di valore ed i modelli di valutazione a supporto dei processi decisionali pubblici nella definizione di politiche e azioni volte a sostenere e favorire la transizione e a guidare lo sviluppo delle citt\u00e0 e dei territori.<\/p>\n<p>Il ripensamento dei modelli di sviluppo proposto dall\u2019<b>\u201ceconomia circolare\u201d<\/b> mette in luce la necessit\u00e0 di nuove forme di governance territoriale, fondamentali per indirizzare le configurazioni esistenti a pianificare e gestire problemi complessi, multiscalari e multilivello. I contesti urbani sono luoghi cruciali per avviare la transizione ecologica e per diventare forze trainanti per uno sviluppo sostenibile, in quanto risultano essere i motori dell\u2019economia.<\/p>\n<p>L\u2019esplosione della pandemia ha prepotentemente innestato nell\u2019idea della citt\u00e0 resiliente nuovi imperativi per fronteggiare emergenze non pi\u00f9 solo ambientali, ma anche sanitarie, sociali ed economiche. A partire dalla gestione della fase post-emergenziale del Covid-19, si avviano processi di <b>governance climatica<\/b> basati sull\u2019analisi delle vulnerabilit\u00e0 locali e sulla definizione di strategie e misure di adattamento. In Italia i percorsi locali di transizione climatica hanno trovato un importante supporto nelle Fondazioni territoriali, le quali hanno orientato il loro interesse verso temi ambientali, incidendo sui processi decisionali pubblici e privati.<\/p>\n<p>Negli ultimi anni sono divenute numerose le esperienze di Governo del Territorio che trovano nel campo delle nuove tecnologie dell\u2019informazione strumenti e approcci orientati a favorire la transizione energetica, la mobilit\u00e0 sostenibile, l\u2019integrazione di servizi e la gestione delle emergenze. Recentemente, con l\u2019emergenza sanitaria dovuta al Covid-19, la <b>digitalizzazione delle citt\u00e0<\/b> ha subito un\u2019accelerazione, aprendo ulteriormente a nuovi grandi cambiamenti. Merita quindi presentare a discutere casi ed esempi legati all\u2019utilizzo delle tecnologie dell\u2019informazione, big data e nuove forme di collaborazione digitali orientate alla gestione e allo sviluppo sostenibile del territorio.<span class=\"Apple-converted-space\">\u00a0<\/span><\/p>\n<p><b>La presenza e la qualit\u00e0 del verde nelle citt\u00e0<\/b>, quale essenziale componente dello sviluppo urbano sostenibile, \u00e8 al centro delle politiche urbanistiche di molte Amministrazioni comunali, che si prefiggono di individuare i possibili usi multipli e i procedimenti attuativi per rendere il verde davvero parte della forma unitaria e della vita della citt\u00e0.<\/p>\n<p>In questo contesto, il valore del verde, nelle sue molteplici declinazioni, \u00e8 materia di una analisi interdisciplinare. \u00c8 necessario infatti che l\u2019approccio alla sostenibilit\u00e0 non si banalizzi in un progetto comunicativo, ma si traduca invece in coerenti politiche, servizi e progetti finalizzati alla rigenerazione dell\u2019ambiente urbano.<\/p>\n<p>La situazione creatasi per effetto dell\u2019emergenza Covid 19 ha evidenziato nuovi campi della pianificazione urbana e territoriale, dando anche nuova accelerazione al dibattito sulla <b>\u201cfood policy\u201d<\/b>. La pandemia ha messo in luce, da una parte, quanto le caratteristiche del sistema alimentare possano influenzare il benessere della citt\u00e0, dall\u2019altra quanto siano importanti le connessioni con il territorio circostante e quanto la globalizzazione dei consumi abbia fino ad ora distorto questa relazione, modificando i nostri comportamenti e le nostre citt\u00e0. Sar\u00e0 l\u2019occasione per confrontarsi con un panorama sempre pi\u00f9 ampio di casi che, nella pianificazione urbana e territoriale, hanno fatto proprie le istanze della food policy.<\/p>\n<p>La relazione tra la dimensione cittadina e l\u2019acqua continua ad essere un propulsore fondamentale per la trasformazione urbana. Le <b>aree umide <\/b>sono territori fragili in transizione ambientale e socio-economica, con problematiche relazionate alla complessit\u00e0 della loro governance. Il tema verr\u00e0 trattato mettendo a fuoco il ruolo di queste parti del territorio come produttrici di <b>servizi ecosistemici<\/b>.<\/p>\n<p>Nel campo della <b>mobilit\u00e0 dolce<\/b> crescono le iniziative nazionali e locali volte a definire e applicare soluzioni integrate per migliorare la qualit\u00e0 della vita, sviluppando e applicando politiche integrate per l\u2019accessibilit\u00e0 e la sostenibilit\u00e0 in linea con l\u2019Agenda 2030. Si tratta di un filone di ricerca, documentazione, interazione istituzionale e sociale, che merita di essere seguito e sostenuto nel corso della sua evoluzione. L\u2019obiettivo \u00e8 rendere evidenti e valorizzare le interdipendenze tra infrastrutture, comunit\u00e0, citt\u00e0 e paesaggi.<\/p>\n<p><b>Il legno ed i materiali naturali<\/b> si stanno affermando come una delle pi\u00f9 significative innovazioni nel campo della progettazione edilizia e urbana. Sono emerse con ogni evidenza da un lato le grandi opportunit\u00e0 che le costruzioni in legno offrono nell\u2019ambito del risparmio energetico e della messa in sicurezza sismica e dall\u2019altro la grande flessibilit\u00e0 di soluzioni anche per situazioni di emergenza abitativa. Ma a fronte del continuo espandersi della richiesta di legno da costruzione si assiste anche alla rarefazione della produzione e ad un aumento vertiginoso dei prezzi del prodotto finito per costruzioni. Si intende affrontare il tema del legno da costruzione come materiale \u201cprezioso\u201d sia in termini di compatibilit\u00e0 ambientale sia dal punto di vista del suo costo e della sua effettiva reperibilit\u00e0.<\/p>\n<p>Lo scorso anno Urbanpromo Green promosse una delle prime riflessioni sulle novit\u00e0 normative che avevano introdotto un nuovo <b>incentivo fiscale in edilizia<\/b>: il Superbonus 110% sia nell\u2019ambito dell\u2019efficientamento energetico degli edifici sia nell\u2019ambito del miglioramento sismico. Quest\u2019anno, ad oltre un anno dall\u2019entrata in vigore della nuova normativa, il tema viene ripreso per valutare in modo pi\u00f9 compiuto la reale efficacia degli incentivi fiscali in edilizia e per riflettere sul futuro di questo strumento normativo anche alla luce del PNRR approvato dalla Commissione Europea. Molti sono gli attori sia pubblici sia privati che sono coinvolti nell\u2019applicazione reale sul territorio di questa normativa.<\/p>\n<p>Urbanpromo Green ospita inoltre una iniziativa programmata nell\u2019ambito delle celebrazioni dei 90 anni di vita dell\u2019INU. Si tratta dell\u2019incontro dedicato alla rivisitazione dell\u2019opera di <b>Vittoria Calzolari<\/b> e di <b>Attilia Peano<\/b>, due studiose appartenenti a contesti universitari ed operativi diversi, accomunate dall\u2019aver dedicato il proprio impegno accademico e culturale al verde e al paesaggio, anticipandone l\u2019odierna centralit\u00e0.\u00a0L\u2019iniziativa fa parte del ciclo \u201cL\u2019urbanistica duale\u201d.<\/p>\n<p>I risultati scientifici e politico-culturali conseguiti su ognuno dei temi proposti danno vita alla <b>sessione plenaria<\/b>, con cui si conclude la quinta edizione di Urbanpromo Green.<\/p>\n","protected":false},"excerpt":{"rendered":"<p>La V edizione di Urbanpromo Green prosegue l\u2019impostazione della manifestazione, volta ad approfondire le forme e le modalit\u00e0 in cui si presenta il\u00a0 principio guida della sostenibilit\u00e0 nella pianificazione della citt\u00e0 e del territorio, e nella progettazione e realizzazione degli interventi, facendo interagire teoria e prassi, il profilo tecnico-scientifico e le concrete esperienze. La manifestazione &#8230;<\/p>\n","protected":false},"author":1,"featured_media":0,"parent":7746,"menu_order":0,"comment_status":"closed","ping_status":"closed","template":"page-templates\/template-page-full.php","meta":{"_acf_changed":false,"footnotes":""},"class_list":["post-7752","page","type-page","status-publish","hentry"],"acf":[],"yoast_head":"<!-- This site is optimized with the Yoast SEO plugin v27.4 - https:\/\/yoast.com\/product\/yoast-seo-wordpress\/ -->\n<title>Temi - Edizione 2021<\/title>\n<meta name=\"robots\" content=\"index, follow, max-snippet:-1, max-image-preview:large, max-video-preview:-1\" \/>\n<link rel=\"canonical\" href=\"https:\/\/urbanpromo.it\/2021\/urbanpromo-green\/temi\/\" \/>\n<meta property=\"og:locale\" content=\"it_IT\" \/>\n<meta property=\"og:type\" content=\"article\" \/>\n<meta property=\"og:title\" content=\"Temi - Edizione 2021\" \/>\n<meta property=\"og:description\" content=\"La V edizione di Urbanpromo Green prosegue l\u2019impostazione della manifestazione, volta ad approfondire le forme e le modalit\u00e0 in cui si presenta il\u00a0 principio guida della sostenibilit\u00e0 nella pianificazione della citt\u00e0 e del territorio, e nella progettazione e realizzazione degli interventi, facendo interagire teoria e prassi, il profilo tecnico-scientifico e le concrete esperienze. La manifestazione ...\" \/>\n<meta property=\"og:url\" content=\"https:\/\/urbanpromo.it\/2021\/urbanpromo-green\/temi\/\" \/>\n<meta property=\"og:site_name\" content=\"Edizione 2021\" \/>\n<meta property=\"article:modified_time\" content=\"2021-09-22T13:17:21+00:00\" \/>\n<meta name=\"twitter:card\" content=\"summary_large_image\" \/>\n<meta name=\"twitter:label1\" content=\"Est. reading time\" \/>\n\t<meta name=\"twitter:data1\" content=\"6 minuti\" \/>\n<script type=\"application\/ld+json\" class=\"yoast-schema-graph\">{\"@context\":\"https:\\\/\\\/schema.org\",\"@graph\":[{\"@type\":\"WebPage\",\"@id\":\"https:\\\/\\\/urbanpromo.it\\\/2021\\\/urbanpromo-green\\\/temi\\\/\",\"url\":\"https:\\\/\\\/urbanpromo.it\\\/2021\\\/urbanpromo-green\\\/temi\\\/\",\"name\":\"Temi - Edizione 2021\",\"isPartOf\":{\"@id\":\"https:\\\/\\\/urbanpromo.it\\\/2021\\\/#website\"},\"datePublished\":\"2017-07-10T16:06:34+00:00\",\"dateModified\":\"2021-09-22T13:17:21+00:00\",\"breadcrumb\":{\"@id\":\"https:\\\/\\\/urbanpromo.it\\\/2021\\\/urbanpromo-green\\\/temi\\\/#breadcrumb\"},\"inLanguage\":\"it-IT\",\"potentialAction\":[{\"@type\":\"ReadAction\",\"target\":[\"https:\\\/\\\/urbanpromo.it\\\/2021\\\/urbanpromo-green\\\/temi\\\/\"]}]},{\"@type\":\"BreadcrumbList\",\"@id\":\"https:\\\/\\\/urbanpromo.it\\\/2021\\\/urbanpromo-green\\\/temi\\\/#breadcrumb\",\"itemListElement\":[{\"@type\":\"ListItem\",\"position\":1,\"name\":\"Home\",\"item\":\"https:\\\/\\\/urbanpromo.it\\\/2021\\\/\"},{\"@type\":\"ListItem\",\"position\":2,\"name\":\"Urbanpromo GREEN\",\"item\":\"https:\\\/\\\/urbanpromo.it\\\/2021\\\/urbanpromo-green\\\/\"},{\"@type\":\"ListItem\",\"position\":3,\"name\":\"Temi\"}]},{\"@type\":\"WebSite\",\"@id\":\"https:\\\/\\\/urbanpromo.it\\\/2021\\\/#website\",\"url\":\"https:\\\/\\\/urbanpromo.it\\\/2021\\\/\",\"name\":\"Edizione 2021\",\"description\":\"Urbanpromo 2020 - XVII edizione\",\"potentialAction\":[{\"@type\":\"SearchAction\",\"target\":{\"@type\":\"EntryPoint\",\"urlTemplate\":\"https:\\\/\\\/urbanpromo.it\\\/2021\\\/?s={search_term_string}\"},\"query-input\":{\"@type\":\"PropertyValueSpecification\",\"valueRequired\":true,\"valueName\":\"search_term_string\"}}],\"inLanguage\":\"it-IT\"}]}<\/script>\n<!-- \/ Yoast SEO plugin. -->","yoast_head_json":{"title":"Temi - Edizione 2021","robots":{"index":"index","follow":"follow","max-snippet":"max-snippet:-1","max-image-preview":"max-image-preview:large","max-video-preview":"max-video-preview:-1"},"canonical":"https:\/\/urbanpromo.it\/2021\/urbanpromo-green\/temi\/","og_locale":"it_IT","og_type":"article","og_title":"Temi - Edizione 2021","og_description":"La V edizione di Urbanpromo Green prosegue l\u2019impostazione della manifestazione, volta ad approfondire le forme e le modalit\u00e0 in cui si presenta il\u00a0 principio guida della sostenibilit\u00e0 nella pianificazione della citt\u00e0 e del territorio, e nella progettazione e realizzazione degli interventi, facendo interagire teoria e prassi, il profilo tecnico-scientifico e le concrete esperienze. La manifestazione ...","og_url":"https:\/\/urbanpromo.it\/2021\/urbanpromo-green\/temi\/","og_site_name":"Edizione 2021","article_modified_time":"2021-09-22T13:17:21+00:00","twitter_card":"summary_large_image","twitter_misc":{"Est. reading time":"6 minuti"},"schema":{"@context":"https:\/\/schema.org","@graph":[{"@type":"WebPage","@id":"https:\/\/urbanpromo.it\/2021\/urbanpromo-green\/temi\/","url":"https:\/\/urbanpromo.it\/2021\/urbanpromo-green\/temi\/","name":"Temi - Edizione 2021","isPartOf":{"@id":"https:\/\/urbanpromo.it\/2021\/#website"},"datePublished":"2017-07-10T16:06:34+00:00","dateModified":"2021-09-22T13:17:21+00:00","breadcrumb":{"@id":"https:\/\/urbanpromo.it\/2021\/urbanpromo-green\/temi\/#breadcrumb"},"inLanguage":"it-IT","potentialAction":[{"@type":"ReadAction","target":["https:\/\/urbanpromo.it\/2021\/urbanpromo-green\/temi\/"]}]},{"@type":"BreadcrumbList","@id":"https:\/\/urbanpromo.it\/2021\/urbanpromo-green\/temi\/#breadcrumb","itemListElement":[{"@type":"ListItem","position":1,"name":"Home","item":"https:\/\/urbanpromo.it\/2021\/"},{"@type":"ListItem","position":2,"name":"Urbanpromo GREEN","item":"https:\/\/urbanpromo.it\/2021\/urbanpromo-green\/"},{"@type":"ListItem","position":3,"name":"Temi"}]},{"@type":"WebSite","@id":"https:\/\/urbanpromo.it\/2021\/#website","url":"https:\/\/urbanpromo.it\/2021\/","name":"Edizione 2021","description":"Urbanpromo 2020 - XVII edizione","potentialAction":[{"@type":"SearchAction","target":{"@type":"EntryPoint","urlTemplate":"https:\/\/urbanpromo.it\/2021\/?s={search_term_string}"},"query-input":{"@type":"PropertyValueSpecification","valueRequired":true,"valueName":"search_term_string"}}],"inLanguage":"it-IT"}]}},"_links":{"self":[{"href":"https:\/\/urbanpromo.it\/2021\/wp-json\/wp\/v2\/pages\/7752","targetHints":{"allow":["GET"]}}],"collection":[{"href":"https:\/\/urbanpromo.it\/2021\/wp-json\/wp\/v2\/pages"}],"about":[{"href":"https:\/\/urbanpromo.it\/2021\/wp-json\/wp\/v2\/types\/page"}],"author":[{"embeddable":true,"href":"https:\/\/urbanpromo.it\/2021\/wp-json\/wp\/v2\/users\/1"}],"replies":[{"embeddable":true,"href":"https:\/\/urbanpromo.it\/2021\/wp-json\/wp\/v2\/comments?post=7752"}],"version-history":[{"count":0,"href":"https:\/\/urbanpromo.it\/2021\/wp-json\/wp\/v2\/pages\/7752\/revisions"}],"up":[{"embeddable":true,"href":"https:\/\/urbanpromo.it\/2021\/wp-json\/wp\/v2\/pages\/7746"}],"wp:attachment":[{"href":"https:\/\/urbanpromo.it\/2021\/wp-json\/wp\/v2\/media?parent=7752"}],"curies":[{"name":"wp","href":"https:\/\/api.w.org\/{rel}","templated":true}]}}