{"id":8014,"date":"2017-07-21T09:22:41","date_gmt":"2017-07-21T07:22:41","guid":{"rendered":"http:\/\/urbanpromo.it\/2018\/?page_id=8014"},"modified":"2021-08-30T17:09:25","modified_gmt":"2021-08-30T15:09:25","slug":"location","status":"publish","type":"page","link":"https:\/\/urbanpromo.it\/2021\/urbanpromo-green\/location\/","title":{"rendered":"Location"},"content":{"rendered":"<p>Dopo il successo dello scorso anno, anche per la V edizione i convegni di Urbanpromo Green si terranno in forma virtuale e saranno fruibili sulla piattaforma Zoom e sul sito di Urbanpromo in streaming.<\/p>\n<p>La sede virtuale della manifestazione rimane l\u2019Universit\u00e0 Iuav di Venezia, che la patrocina e collabora alla definizione del programma.<\/p>\n<p>Le aule virtuali sono intitolate a personalit\u00e0 che all\u2019interno dell\u2019Istituto Nazionale di Urbanistica, oltrech\u00e9 nella pianificazione urbanistica e nell\u2019insegnamento, hanno dato un contribuito rilevante alla storia dell\u2019urbanistica italiana.<\/p>\n<p>&nbsp;<\/p>\n<hr \/>\n<p><strong>I presidenti e dirigenti dell&#8217;INU a cui sono intitolate le sale virtuali Iuav in occasione di Urbanpromo Green<\/strong><\/p>\n<p>&nbsp;<\/p>\n<p><a href=\"https:\/\/urbanpromo.it\/content\/uploads\/sites\/18\/2021\/07\/Detti-1.jpg\"><img loading=\"lazy\" decoding=\"async\" class=\"alignleft wp-image-22527 size-thumbnail\" src=\"https:\/\/urbanpromo.it\/content\/uploads\/sites\/18\/2021\/07\/Detti-1-150x150.jpg\" alt=\"\" width=\"150\" height=\"150\" \/><\/a><strong style=\"font-size: 1rem\">Edoardo Detti (1913-1984) &#8211; <a href=\"https:\/\/www.inu.it\/edoardo-detti\/\" target=\"_blank\" rel=\"noopener noreferrer\">biografia completa<\/a><\/strong><\/p>\n<div class=\"page\" title=\"Page 1\">\n<div class=\"layoutArea\">\n<div class=\"column\">\n<p>\u00e8 stato Presidente dell\u2019INU dal 1970, fino al 1977. Laureatosi in Architettura a Firenze, con relatore Giovanni Michelucci, dedicher\u00e0 buona parte della\u00a0vita alla stesura e alla revisione di numerosi e importanti piani regolatori in particolare nell\u2019ambito della Regione Toscana.<\/p>\n<\/div>\n<\/div>\n<\/div>\n<p>&nbsp;<\/p>\n<p><strong><a href=\"https:\/\/urbanpromo.it\/content\/uploads\/sites\/18\/2021\/07\/Salzano.jpg\"><img loading=\"lazy\" decoding=\"async\" class=\"alignleft wp-image-22528 size-thumbnail\" src=\"https:\/\/urbanpromo.it\/content\/uploads\/sites\/18\/2021\/07\/Salzano-150x150.jpg\" alt=\"\" width=\"150\" height=\"150\" srcset=\"https:\/\/urbanpromo.it\/content\/uploads\/sites\/18\/2021\/07\/Salzano-150x150.jpg 150w, https:\/\/urbanpromo.it\/content\/uploads\/sites\/18\/2021\/07\/Salzano-250x250.jpg 250w\" sizes=\"auto, (max-width: 150px) 100vw, 150px\" \/><\/a>Edoardo Salzano (1930 \u2013 2019) &#8211; <a href=\"https:\/\/www.inu.it\/edoardo-salzano\/\" target=\"_blank\" rel=\"noopener noreferrer\">biografia completa<\/a><\/strong><\/p>\n<p>\u00e8 stato Presidente dell\u2019INU dal 1983 al 1991.Ha fondato la rivista Urbanistica Informazioni, dirigendola dal 1972 al 1992. Dopo la laurea in Ingegneria Civile-Edile, nel 1967 ottiene la prima cattedra di Urbanistica. Ha collaborato alla redazione di molteplici piani regolatori in tutta Italia, ricoprendo anche incarichi politici.<\/p>\n<p>&nbsp;<\/p>\n<div class=\"page\" title=\"Page 2\"><strong style=\"font-size: 1rem\"><img loading=\"lazy\" decoding=\"async\" class=\"wp-image-22529 size-thumbnail alignleft\" src=\"https:\/\/urbanpromo.it\/content\/uploads\/sites\/18\/2021\/07\/Nigro-150x150.png\" alt=\"\" width=\"150\" height=\"150\" \/><\/strong><strong style=\"font-size: 1rem\">Gianluigi Nigro (1936 &#8211; 2012) &#8211; <a href=\"http:\/\/www.inu.it\/gianluigi-nigro\/\" target=\"_blank\" rel=\"noopener noreferrer\">biografia completa<\/a><\/strong><\/div>\n<div title=\"Page 2\"><\/div>\n<div class=\"page\" title=\"Page 2\">\n<div class=\"page\" title=\"Page 2\">\n<div class=\"layoutArea\">\n<div class=\"column\">\n<p>\u00e8 stato Presidente dell\u2019INU dal 1990, al 1992. Dopo la laurea in Architettura, ha svolto un\u2019intensa attivit\u00e0\u00a0di progettazione e consulenza per la pianificazione urbanistica generale in Italia e all\u2019estero. \u00c8 stato responsabile scientifico di ricerche CNR, oltre che autore di numerose pubblicazioni in campo architettonico e urbanistico.<\/p>\n<p>&nbsp;<\/p>\n<\/div>\n<\/div>\n<\/div>\n<\/div>\n<div>\n<div class=\"page\" title=\"Page 2\">\n<div class=\"layoutArea\">\n<div class=\"column\">\n<p><strong><a href=\"https:\/\/urbanpromo.it\/content\/uploads\/sites\/18\/2021\/07\/Astengo.jpg\"><img loading=\"lazy\" decoding=\"async\" class=\"alignleft wp-image-22530 size-thumbnail\" src=\"https:\/\/urbanpromo.it\/content\/uploads\/sites\/18\/2021\/07\/Astengo-150x150.jpg\" alt=\"\" width=\"150\" height=\"150\" srcset=\"https:\/\/urbanpromo.it\/content\/uploads\/sites\/18\/2021\/07\/Astengo-150x150.jpg 150w, https:\/\/urbanpromo.it\/content\/uploads\/sites\/18\/2021\/07\/Astengo.jpg 200w\" sizes=\"auto, (max-width: 150px) 100vw, 150px\" \/><\/a>Giovanni Astengo (1915 \u2013 1990) &#8211; <a href=\"http:\/\/www.inu.it\/giovanni-astengo\/\" target=\"_blank\" rel=\"noopener noreferrer\">biografia completa<\/a><\/strong><\/p>\n<p>Architetto e professore universitario di urbanistica, Medaglia d\u2019oro delle Arti e delle Scienze<br \/>\ndel Ministero della Ricerca, \u00e8 stato presidente onorario dell\u2019Inu dal 1986 al 1990. Ha rifondato\u00a0la rivista Urbanistica dell\u2019Inu del 1949, ricoprendo i ruoli di redattore capo nel 1952 e poi di direttore fino al 1977.<\/p>\n<\/div>\n<\/div>\n<\/div>\n<\/div>\n<p>&nbsp;<\/p>\n<div class=\"layoutArea\">\n<div class=\"column\">\n<div class=\"page\" title=\"Page 2\">\n<div class=\"page\" title=\"Page 2\">\n<div class=\"layoutArea\">\n<div class=\"page\" title=\"Page 2\">\n<div class=\"layoutArea\">\n<div class=\"column\">\n<p><strong style=\"font-size: 1rem\"><a href=\"https:\/\/urbanpromo.it\/content\/uploads\/sites\/18\/2021\/07\/Campos-Venuti.png\"><img loading=\"lazy\" decoding=\"async\" class=\"alignleft wp-image-22532 size-thumbnail\" src=\"https:\/\/urbanpromo.it\/content\/uploads\/sites\/18\/2021\/07\/Campos-Venuti-150x150.png\" alt=\"\" width=\"150\" height=\"150\" srcset=\"https:\/\/urbanpromo.it\/content\/uploads\/sites\/18\/2021\/07\/Campos-Venuti-150x150.png 150w, https:\/\/urbanpromo.it\/content\/uploads\/sites\/18\/2021\/07\/Campos-Venuti.png 200w\" sizes=\"auto, (max-width: 150px) 100vw, 150px\" \/><\/a>Giuseppe Campos Venuti (1926 \u2013 2019) &#8211; <a href=\"http:\/\/www.inu.it\/giuseppe-campos-venuti\/\" target=\"_blank\" rel=\"noopener noreferrer\">biografia completa<\/a><\/strong><\/p>\n<p><span style=\"font-size: 1rem\">Presidente onorario dell\u2019Inu\u00a0<\/span><span style=\"font-size: 1rem\">dal 1990 e Presidente effettivo dal 1992\u00a0al 1993. Dal 1968 al 2001 ha insegnato urbanistica nella Facolt\u00e0 di Architettura\u00a0del Politecnico di Milano. Nel 1999 \u00e8 stato insignito della Medaglia d\u2019oro dal Presidente della Repubblica per la Scienza e la Cultura. Ha ricoperto diversi incarichi politici e curato numerose importanti pubblicazioni.<\/span><\/p>\n<p>&nbsp;<\/p>\n<\/div>\n<\/div>\n<\/div>\n<\/div>\n<\/div>\n<\/div>\n<\/div>\n<\/div>\n<div class=\"layoutArea\">\n<div class=\"column\">\n<div class=\"page\" title=\"Page 2\">\n<div class=\"layoutArea\">\n<div class=\"column\">\n<p><strong><a href=\"https:\/\/urbanpromo.it\/content\/uploads\/sites\/18\/2021\/07\/Oliva.jpg\"><img loading=\"lazy\" decoding=\"async\" class=\"alignleft wp-image-22533 size-thumbnail\" src=\"https:\/\/urbanpromo.it\/content\/uploads\/sites\/18\/2021\/07\/Oliva-150x150.jpg\" alt=\"\" width=\"150\" height=\"150\" srcset=\"https:\/\/urbanpromo.it\/content\/uploads\/sites\/18\/2021\/07\/Oliva-150x150.jpg 150w, https:\/\/urbanpromo.it\/content\/uploads\/sites\/18\/2021\/07\/Oliva.jpg 200w\" sizes=\"auto, (max-width: 150px) 100vw, 150px\" \/><\/a>Federico Oliva (1945 \u2013 2018) &#8211; <a href=\"http:\/\/www.inu.it\/federico-oliva\/\" target=\"_blank\" rel=\"noopener noreferrer\">biografia completa<\/a><\/strong><\/p>\n<p>\u00c8 stato presidente dell\u2019INU dal 2005 al 2013 e direttore della Rivista Urbanistica. Laureato in Architettura presso il Politecnico di Milano nel luglio 1969, \u00e8 stato Professore Ordinario di Urbanistica presso lo stesso Politecnico.\u00a0\u00c8 stato autore di numerosi piani regolatori e di svariate pubblicazioni nel campo dell\u2019urbanistica.<\/p>\n<\/div>\n<\/div>\n<\/div>\n<\/div>\n<\/div>\n<div><\/div>\n<div>\n<p><a href=\"https:\/\/urbanpromo.it\/content\/uploads\/sites\/18\/2021\/07\/Vittoria-Calzolari.jpg\"><img loading=\"lazy\" decoding=\"async\" class=\"wp-image-22567 size-thumbnail alignleft\" src=\"https:\/\/urbanpromo.it\/content\/uploads\/sites\/18\/2021\/07\/Vittoria-Calzolari-150x150.jpg\" alt=\"\" width=\"150\" height=\"150\" srcset=\"https:\/\/urbanpromo.it\/content\/uploads\/sites\/18\/2021\/07\/Vittoria-Calzolari-150x150.jpg 150w, https:\/\/urbanpromo.it\/content\/uploads\/sites\/18\/2021\/07\/Vittoria-Calzolari-250x250.jpg 250w, https:\/\/urbanpromo.it\/content\/uploads\/sites\/18\/2021\/07\/Vittoria-Calzolari-460x460.jpg 460w\" sizes=\"auto, (max-width: 150px) 100vw, 150px\" \/><\/a><\/p>\n<p><strong>Vittoria Calzolari\u00a0(1924 \u2013 2017)<\/strong><\/p>\n<p>Paesaggista, architetto e urbanista romana, progettista di parchi e piani del verde e professoressa di Urbanistica alla Sapienza di Roma dal 1975. Assessore al centro storico a Roma, prima nella giunta Argan (1976-1979) poi nella prima giunta Petroselli (1979-1981). Membro effettivo dell&#8217;INU, ha partecipato attivamente alla sua attivit\u00e0 scientifica e culturale.<\/p>\n<p>&nbsp;<\/p>\n<p><a href=\"https:\/\/urbanpromo.it\/content\/uploads\/sites\/18\/2021\/07\/Attilia-Peano.jpg\"><img loading=\"lazy\" decoding=\"async\" class=\"wp-image-22568 size-thumbnail alignleft\" src=\"https:\/\/urbanpromo.it\/content\/uploads\/sites\/18\/2021\/07\/Attilia-Peano-150x150.jpg\" alt=\"\" width=\"150\" height=\"150\" \/><\/a><\/p>\n<p><strong>Attilia Peano (- 2013)<\/strong><\/p>\n<p>\u00c8 stata Professore ordinario di Urbanistica presso il Dipartimento di Scienze, progetto, politiche del Territorio (DIST) del Politecnico di Torino e direttrice del Dipartimento Interateneo Territorio (DITER). Ha svolto un\u2019ampia attivit\u00e0 di ricerca nel campo della pianificazione territoriale, urbanistica e paesistica. \u00c8 stata fra i fondatori del\u00a0Centro Europeo di Documentazione sulla Pianificazione dei Parchi Naturali\u00a0(CED PPN). Ha partecipato attivamente a numerosi edizioni di Urbanpromo.<\/p>\n<p>&nbsp;<\/p>\n<p><a href=\"https:\/\/urbanpromo.it\/content\/uploads\/sites\/18\/2021\/07\/Piccinato-1.jpg\"><img loading=\"lazy\" decoding=\"async\" class=\"wp-image-22571 size-thumbnail alignleft\" src=\"https:\/\/urbanpromo.it\/content\/uploads\/sites\/18\/2021\/07\/Piccinato-1-150x150.jpg\" alt=\"\" width=\"150\" height=\"150\" srcset=\"https:\/\/urbanpromo.it\/content\/uploads\/sites\/18\/2021\/07\/Piccinato-1-150x150.jpg 150w, https:\/\/urbanpromo.it\/content\/uploads\/sites\/18\/2021\/07\/Piccinato-1-250x250.jpg 250w\" sizes=\"auto, (max-width: 150px) 100vw, 150px\" \/><\/a><\/p>\n<p><strong>Luigi Piccinato (1899 \u2013 1983) &#8211; <a href=\"https:\/\/inu.it\/luigi-piccinato\/\">biografia completa<\/a><\/strong><\/p>\n<p>Laureato in\u00a0architettura\u00a0all&#8217;Universit\u00e0 &#8220;La Sapienza&#8221;\u00a0di\u00a0Roma\u00a0nel\u00a01923, avviando sin dai primi anni un&#8217;intensa attivit\u00e0 didattica e professionale, soprattutto nel campo dell&#8217;urbanistica. \u00c8 stato Vice-Presidente dell\u2019INU dal 1952, dopo il IV\u00b0 Congresso dell\u2019Istituto, al 1964; e poi ancora dal 1966, dopo l\u2019XI\u00b0 Congresso, al 1969.<\/p>\n<p>&nbsp;<\/p>\n<\/div>\n<p>&nbsp;<\/p>\n<p><strong><a href=\"https:\/\/urbanpromo.it\/content\/uploads\/sites\/18\/2021\/07\/Secchi.jpg\"><img loading=\"lazy\" decoding=\"async\" class=\"alignleft wp-image-22572 size-thumbnail\" src=\"https:\/\/urbanpromo.it\/content\/uploads\/sites\/18\/2021\/07\/Secchi-150x150.jpg\" alt=\"\" width=\"150\" height=\"150\" srcset=\"https:\/\/urbanpromo.it\/content\/uploads\/sites\/18\/2021\/07\/Secchi-150x150.jpg 150w, https:\/\/urbanpromo.it\/content\/uploads\/sites\/18\/2021\/07\/Secchi-250x250.jpg 250w, https:\/\/urbanpromo.it\/content\/uploads\/sites\/18\/2021\/07\/Secchi-460x460.jpg 460w\" sizes=\"auto, (max-width: 150px) 100vw, 150px\" \/><\/a>Bernardo Secchi (1934 \u2013 2014)<\/strong><\/p>\n<p>Laureato al\u00a0Politecnico di Milano\u00a0con il prof.\u00a0Giovanni Muzio, ha svolto attivit\u00e0 di ricerca, come Direttore, presso l&#8217;Istituto Lombardo di Studi Economici e Sociali\u00a0(ILSES). Dal 1966 \u00e8 stato professore incaricato e libero docente di Economia del territorio, presso la Facolt\u00e0 di Economia di Ancona. Dal 1974 \u00e8 stato professore ordinario di Urbanistica presso la Facolt\u00e0 di Architettura del\u00a0Politecnico di Milano, fino al 1984 quando si trasferisce allo Iuav. \u00c8 stato membro del Consiglio Direttivo Nazionale dell&#8217;INU e direttore della rivista Urbanistica.<\/p>\n<p>&nbsp;<\/p>\n<div>\n<hr \/>\n<\/div>\n<div><\/div>\n<div>\n<p><strong>L&#8217;aula magna di Palazzo Badoer, che dal 2017 ha ospitato le edizioni di Urbanpromo svoltasi in presenza, \u00e8\u00a0intitolato a Manfredo Tafuri.\u00a0<\/strong><\/p>\n<\/div>\n<p>&nbsp;<\/p>\n<p><a href=\"https:\/\/urbanpromo.it\/content\/uploads\/sites\/18\/2021\/07\/Tafuri-1.jpg\"><img loading=\"lazy\" decoding=\"async\" class=\"alignleft wp-image-22566 size-thumbnail\" src=\"https:\/\/urbanpromo.it\/content\/uploads\/sites\/18\/2021\/07\/Tafuri-1-150x150.jpg\" alt=\"\" width=\"150\" height=\"150\" srcset=\"https:\/\/urbanpromo.it\/content\/uploads\/sites\/18\/2021\/07\/Tafuri-1-150x150.jpg 150w, https:\/\/urbanpromo.it\/content\/uploads\/sites\/18\/2021\/07\/Tafuri-1-250x250.jpg 250w, https:\/\/urbanpromo.it\/content\/uploads\/sites\/18\/2021\/07\/Tafuri-1-460x460.jpg 460w\" sizes=\"auto, (max-width: 150px) 100vw, 150px\" \/><\/a><\/p>\n<div><strong style=\"font-size: 1rem\">Manfredo Tafuri (1935-1994)<\/strong><\/div>\n<div><\/div>\n<div>\n<p>Laureato in architettura e allievo di Ludovico Quaroni. Nel 1966 ha vinto la cattedra a Roma e nel 1968 si \u00e8 trasferito presso l&#8217;Universit\u00e0 Iuav di Venezia dove \u00e8 diventato direttore dell&#8217;Istituto di Storia. I suoi interessi storici, a cui ha dedicato tutta la vita, hanno spaziato dall&#8217;architettura rinascimentale all&#8217;architettura contemporanea.<\/p>\n<\/div>\n<p>&nbsp;<\/p>\n<p>&nbsp;<\/p>\n","protected":false},"excerpt":{"rendered":"<p>Dopo il successo dello scorso anno, anche per la V edizione i convegni di Urbanpromo Green si terranno in forma virtuale e saranno fruibili sulla piattaforma Zoom e sul sito di Urbanpromo in streaming. La sede virtuale della manifestazione rimane l\u2019Universit\u00e0 Iuav di Venezia, che la patrocina e collabora alla definizione del programma. Le aule &#8230;<\/p>\n","protected":false},"author":2,"featured_media":0,"parent":7746,"menu_order":0,"comment_status":"closed","ping_status":"closed","template":"page-templates\/template-page-full.php","meta":{"_acf_changed":false,"footnotes":""},"class_list":["post-8014","page","type-page","status-publish","hentry"],"acf":[],"yoast_head":"<!-- This site is optimized with the Yoast SEO plugin v27.4 - https:\/\/yoast.com\/product\/yoast-seo-wordpress\/ -->\n<title>Location - Edizione 2021<\/title>\n<meta name=\"robots\" content=\"index, follow, max-snippet:-1, max-image-preview:large, max-video-preview:-1\" \/>\n<link rel=\"canonical\" href=\"https:\/\/urbanpromo.it\/2021\/urbanpromo-green\/location\/\" \/>\n<meta property=\"og:locale\" content=\"it_IT\" \/>\n<meta property=\"og:type\" content=\"article\" \/>\n<meta property=\"og:title\" content=\"Location - Edizione 2021\" \/>\n<meta property=\"og:description\" content=\"Dopo il successo dello scorso anno, anche per la V edizione i convegni di Urbanpromo Green si terranno in forma virtuale e saranno fruibili sulla piattaforma Zoom e sul sito di Urbanpromo in streaming. La sede virtuale della manifestazione rimane l\u2019Universit\u00e0 Iuav di Venezia, che la patrocina e collabora alla definizione del programma. Le aule ...\" \/>\n<meta property=\"og:url\" content=\"https:\/\/urbanpromo.it\/2021\/urbanpromo-green\/location\/\" \/>\n<meta property=\"og:site_name\" content=\"Edizione 2021\" \/>\n<meta property=\"article:modified_time\" content=\"2021-08-30T15:09:25+00:00\" \/>\n<meta property=\"og:image\" content=\"https:\/\/urbanpromo.it\/content\/uploads\/sites\/18\/2021\/07\/Detti-1-150x150.jpg\" \/>\n<meta name=\"twitter:card\" content=\"summary_large_image\" \/>\n<meta name=\"twitter:label1\" content=\"Est. reading time\" \/>\n\t<meta name=\"twitter:data1\" content=\"4 minuti\" \/>\n<script type=\"application\/ld+json\" class=\"yoast-schema-graph\">{\"@context\":\"https:\\\/\\\/schema.org\",\"@graph\":[{\"@type\":\"WebPage\",\"@id\":\"https:\\\/\\\/urbanpromo.it\\\/2021\\\/urbanpromo-green\\\/location\\\/\",\"url\":\"https:\\\/\\\/urbanpromo.it\\\/2021\\\/urbanpromo-green\\\/location\\\/\",\"name\":\"Location - Edizione 2021\",\"isPartOf\":{\"@id\":\"https:\\\/\\\/urbanpromo.it\\\/2021\\\/#website\"},\"primaryImageOfPage\":{\"@id\":\"https:\\\/\\\/urbanpromo.it\\\/2021\\\/urbanpromo-green\\\/location\\\/#primaryimage\"},\"image\":{\"@id\":\"https:\\\/\\\/urbanpromo.it\\\/2021\\\/urbanpromo-green\\\/location\\\/#primaryimage\"},\"thumbnailUrl\":\"https:\\\/\\\/urbanpromo.it\\\/content\\\/uploads\\\/sites\\\/18\\\/2021\\\/07\\\/Detti-1-150x150.jpg\",\"datePublished\":\"2017-07-21T07:22:41+00:00\",\"dateModified\":\"2021-08-30T15:09:25+00:00\",\"breadcrumb\":{\"@id\":\"https:\\\/\\\/urbanpromo.it\\\/2021\\\/urbanpromo-green\\\/location\\\/#breadcrumb\"},\"inLanguage\":\"it-IT\",\"potentialAction\":[{\"@type\":\"ReadAction\",\"target\":[\"https:\\\/\\\/urbanpromo.it\\\/2021\\\/urbanpromo-green\\\/location\\\/\"]}]},{\"@type\":\"ImageObject\",\"inLanguage\":\"it-IT\",\"@id\":\"https:\\\/\\\/urbanpromo.it\\\/2021\\\/urbanpromo-green\\\/location\\\/#primaryimage\",\"url\":\"https:\\\/\\\/urbanpromo.it\\\/content\\\/uploads\\\/sites\\\/18\\\/2021\\\/07\\\/Detti-1-150x150.jpg\",\"contentUrl\":\"https:\\\/\\\/urbanpromo.it\\\/content\\\/uploads\\\/sites\\\/18\\\/2021\\\/07\\\/Detti-1-150x150.jpg\"},{\"@type\":\"BreadcrumbList\",\"@id\":\"https:\\\/\\\/urbanpromo.it\\\/2021\\\/urbanpromo-green\\\/location\\\/#breadcrumb\",\"itemListElement\":[{\"@type\":\"ListItem\",\"position\":1,\"name\":\"Home\",\"item\":\"https:\\\/\\\/urbanpromo.it\\\/2021\\\/\"},{\"@type\":\"ListItem\",\"position\":2,\"name\":\"Urbanpromo GREEN\",\"item\":\"https:\\\/\\\/urbanpromo.it\\\/2021\\\/urbanpromo-green\\\/\"},{\"@type\":\"ListItem\",\"position\":3,\"name\":\"Location\"}]},{\"@type\":\"WebSite\",\"@id\":\"https:\\\/\\\/urbanpromo.it\\\/2021\\\/#website\",\"url\":\"https:\\\/\\\/urbanpromo.it\\\/2021\\\/\",\"name\":\"Edizione 2021\",\"description\":\"Urbanpromo 2020 - XVII edizione\",\"potentialAction\":[{\"@type\":\"SearchAction\",\"target\":{\"@type\":\"EntryPoint\",\"urlTemplate\":\"https:\\\/\\\/urbanpromo.it\\\/2021\\\/?s={search_term_string}\"},\"query-input\":{\"@type\":\"PropertyValueSpecification\",\"valueRequired\":true,\"valueName\":\"search_term_string\"}}],\"inLanguage\":\"it-IT\"}]}<\/script>\n<!-- \/ Yoast SEO plugin. -->","yoast_head_json":{"title":"Location - Edizione 2021","robots":{"index":"index","follow":"follow","max-snippet":"max-snippet:-1","max-image-preview":"max-image-preview:large","max-video-preview":"max-video-preview:-1"},"canonical":"https:\/\/urbanpromo.it\/2021\/urbanpromo-green\/location\/","og_locale":"it_IT","og_type":"article","og_title":"Location - Edizione 2021","og_description":"Dopo il successo dello scorso anno, anche per la V edizione i convegni di Urbanpromo Green si terranno in forma virtuale e saranno fruibili sulla piattaforma Zoom e sul sito di Urbanpromo in streaming. La sede virtuale della manifestazione rimane l\u2019Universit\u00e0 Iuav di Venezia, che la patrocina e collabora alla definizione del programma. Le aule ...","og_url":"https:\/\/urbanpromo.it\/2021\/urbanpromo-green\/location\/","og_site_name":"Edizione 2021","article_modified_time":"2021-08-30T15:09:25+00:00","og_image":[{"url":"https:\/\/urbanpromo.it\/content\/uploads\/sites\/18\/2021\/07\/Detti-1-150x150.jpg","type":"","width":"","height":""}],"twitter_card":"summary_large_image","twitter_misc":{"Est. reading time":"4 minuti"},"schema":{"@context":"https:\/\/schema.org","@graph":[{"@type":"WebPage","@id":"https:\/\/urbanpromo.it\/2021\/urbanpromo-green\/location\/","url":"https:\/\/urbanpromo.it\/2021\/urbanpromo-green\/location\/","name":"Location - Edizione 2021","isPartOf":{"@id":"https:\/\/urbanpromo.it\/2021\/#website"},"primaryImageOfPage":{"@id":"https:\/\/urbanpromo.it\/2021\/urbanpromo-green\/location\/#primaryimage"},"image":{"@id":"https:\/\/urbanpromo.it\/2021\/urbanpromo-green\/location\/#primaryimage"},"thumbnailUrl":"https:\/\/urbanpromo.it\/content\/uploads\/sites\/18\/2021\/07\/Detti-1-150x150.jpg","datePublished":"2017-07-21T07:22:41+00:00","dateModified":"2021-08-30T15:09:25+00:00","breadcrumb":{"@id":"https:\/\/urbanpromo.it\/2021\/urbanpromo-green\/location\/#breadcrumb"},"inLanguage":"it-IT","potentialAction":[{"@type":"ReadAction","target":["https:\/\/urbanpromo.it\/2021\/urbanpromo-green\/location\/"]}]},{"@type":"ImageObject","inLanguage":"it-IT","@id":"https:\/\/urbanpromo.it\/2021\/urbanpromo-green\/location\/#primaryimage","url":"https:\/\/urbanpromo.it\/content\/uploads\/sites\/18\/2021\/07\/Detti-1-150x150.jpg","contentUrl":"https:\/\/urbanpromo.it\/content\/uploads\/sites\/18\/2021\/07\/Detti-1-150x150.jpg"},{"@type":"BreadcrumbList","@id":"https:\/\/urbanpromo.it\/2021\/urbanpromo-green\/location\/#breadcrumb","itemListElement":[{"@type":"ListItem","position":1,"name":"Home","item":"https:\/\/urbanpromo.it\/2021\/"},{"@type":"ListItem","position":2,"name":"Urbanpromo GREEN","item":"https:\/\/urbanpromo.it\/2021\/urbanpromo-green\/"},{"@type":"ListItem","position":3,"name":"Location"}]},{"@type":"WebSite","@id":"https:\/\/urbanpromo.it\/2021\/#website","url":"https:\/\/urbanpromo.it\/2021\/","name":"Edizione 2021","description":"Urbanpromo 2020 - XVII edizione","potentialAction":[{"@type":"SearchAction","target":{"@type":"EntryPoint","urlTemplate":"https:\/\/urbanpromo.it\/2021\/?s={search_term_string}"},"query-input":{"@type":"PropertyValueSpecification","valueRequired":true,"valueName":"search_term_string"}}],"inLanguage":"it-IT"}]}},"_links":{"self":[{"href":"https:\/\/urbanpromo.it\/2021\/wp-json\/wp\/v2\/pages\/8014","targetHints":{"allow":["GET"]}}],"collection":[{"href":"https:\/\/urbanpromo.it\/2021\/wp-json\/wp\/v2\/pages"}],"about":[{"href":"https:\/\/urbanpromo.it\/2021\/wp-json\/wp\/v2\/types\/page"}],"author":[{"embeddable":true,"href":"https:\/\/urbanpromo.it\/2021\/wp-json\/wp\/v2\/users\/2"}],"replies":[{"embeddable":true,"href":"https:\/\/urbanpromo.it\/2021\/wp-json\/wp\/v2\/comments?post=8014"}],"version-history":[{"count":0,"href":"https:\/\/urbanpromo.it\/2021\/wp-json\/wp\/v2\/pages\/8014\/revisions"}],"up":[{"embeddable":true,"href":"https:\/\/urbanpromo.it\/2021\/wp-json\/wp\/v2\/pages\/7746"}],"wp:attachment":[{"href":"https:\/\/urbanpromo.it\/2021\/wp-json\/wp\/v2\/media?parent=8014"}],"curies":[{"name":"wp","href":"https:\/\/api.w.org\/{rel}","templated":true}]}}