{"version":"1.0","provider_name":"Edizione 2023","provider_url":"https:\/\/urbanpromo.it\/2023","author_name":"Edizione 2023","author_url":"https:\/\/urbanpromo.it\/2023","title":"GOVERNO DEL TERRITORIO E SOSTENIBILIT\u00c0 - Edizione 2023","type":"rich","width":600,"height":338,"html":"<blockquote class=\"wp-embedded-content\" data-secret=\"djVx1Y5VVZ\"><a href=\"https:\/\/urbanpromo.it\/2023\/eventi\/il-governo-del-territorio\/\">GOVERNO DEL TERRITORIO E SOSTENIBILIT\u00c0<\/a><\/blockquote><iframe sandbox=\"allow-scripts\" security=\"restricted\" src=\"https:\/\/urbanpromo.it\/2023\/eventi\/il-governo-del-territorio\/embed\/#?secret=djVx1Y5VVZ\" width=\"600\" height=\"338\" title=\"&#8220;GOVERNO DEL TERRITORIO E SOSTENIBILIT\u00c0&#8221; &#8212; Edizione 2023\" data-secret=\"djVx1Y5VVZ\" frameborder=\"0\" marginwidth=\"0\" marginheight=\"0\" scrolling=\"no\" class=\"wp-embedded-content\"><\/iframe><script type=\"text\/javascript\">\n\/* <![CDATA[ *\/\n\/*! This file is auto-generated *\/\n!function(d,l){\"use strict\";l.querySelector&&d.addEventListener&&\"undefined\"!=typeof URL&&(d.wp=d.wp||{},d.wp.receiveEmbedMessage||(d.wp.receiveEmbedMessage=function(e){var t=e.data;if((t||t.secret||t.message||t.value)&&!\/[^a-zA-Z0-9]\/.test(t.secret)){for(var s,r,n,a=l.querySelectorAll('iframe[data-secret=\"'+t.secret+'\"]'),o=l.querySelectorAll('blockquote[data-secret=\"'+t.secret+'\"]'),c=new RegExp(\"^https?:$\",\"i\"),i=0;i<o.length;i++)o[i].style.display=\"none\";for(i=0;i<a.length;i++)s=a[i],e.source===s.contentWindow&&(s.removeAttribute(\"style\"),\"height\"===t.message?(1e3<(r=parseInt(t.value,10))?r=1e3:~~r<200&&(r=200),s.height=r):\"link\"===t.message&&(r=new URL(s.getAttribute(\"src\")),n=new URL(t.value),c.test(n.protocol))&&n.host===r.host&&l.activeElement===s&&(d.top.location.href=t.value))}},d.addEventListener(\"message\",d.wp.receiveEmbedMessage,!1),l.addEventListener(\"DOMContentLoaded\",function(){for(var e,t,s=l.querySelectorAll(\"iframe.wp-embedded-content\"),r=0;r<s.length;r++)(t=(e=s[r]).getAttribute(\"data-secret\"))||(t=Math.random().toString(36).substring(2,12),e.src+=\"#?secret=\"+t,e.setAttribute(\"data-secret\",t)),e.contentWindow.postMessage({message:\"ready\",secret:t},\"*\")},!1)))}(window,document);\n\/* ]]> *\/\n<\/script>\n","description":"Aldo Ianniello, Regione Toscana Il consumo di suolo \u00e8 un fenomeno complesso, diversificato che \u00e8 necessario conoscere per mettere in atto azioni di contrasto efficaci. Non \u00e8 solo importante conoscere quanto suolo si consuma, ma anche \u201cdove\u201d (in ambito urbano o rurale) e per quale uso (residenziale, commerciale, industriale; per una strada, una scuola, una ..."}

GOVERNO DEL TERRITORIO E SOSTENIBILITÀ - Edizione 2023

<blockquote class="wp-embedded-content" data-secret="djVx1Y5VVZ"><a href="https://urbanpromo.it/2023/eventi/il-governo-del-territorio/">GOVERNO DEL TERRITORIO E SOSTENIBILITÀ</a></blockquote><iframe sandbox="allow-scripts" security="restricted" src="https://urbanpromo.it/2023/eventi/il-governo-del-territorio/embed/#?secret=djVx1Y5VVZ" width="600" height="338" title="&#8220;GOVERNO DEL TERRITORIO E SOSTENIBILITÀ&#8221; &#8212; Edizione 2023" data-secret="djVx1Y5VVZ" frameborder="0" marginwidth="0" marginheight="0" scrolling="no" class="wp-embedded-content"></iframe><script type="text/javascript">
/* <![CDATA[ */
/*! This file is auto-generated */
!function(d,l){"use strict";l.querySelector&&d.addEventListener&&"undefined"!=typeof URL&&(d.wp=d.wp||{},d.wp.receiveEmbedMessage||(d.wp.receiveEmbedMessage=function(e){var t=e.data;if((t||t.secret||t.message||t.value)&&!/[^a-zA-Z0-9]/.test(t.secret)){for(var s,r,n,a=l.querySelectorAll('iframe[data-secret="'+t.secret+'"]'),o=l.querySelectorAll('blockquote[data-secret="'+t.secret+'"]'),c=new RegExp("^https?:$","i"),i=0;i<o.length;i++)o[i].style.display="none";for(i=0;i<a.length;i++)s=a[i],e.source===s.contentWindow&&(s.removeAttribute("style"),"height"===t.message?(1e3<(r=parseInt(t.value,10))?r=1e3:~~r<200&&(r=200),s.height=r):"link"===t.message&&(r=new URL(s.getAttribute("src")),n=new URL(t.value),c.test(n.protocol))&&n.host===r.host&&l.activeElement===s&&(d.top.location.href=t.value))}},d.addEventListener("message",d.wp.receiveEmbedMessage,!1),l.addEventListener("DOMContentLoaded",function(){for(var e,t,s=l.querySelectorAll("iframe.wp-embedded-content"),r=0;r<s.length;r++)(t=(e=s[r]).getAttribute("data-secret"))||(t=Math.random().toString(36).substring(2,12),e.src+="#?secret="+t,e.setAttribute("data-secret",t)),e.contentWindow.postMessage({message:"ready",secret:t},"*")},!1)))}(window,document);
/* ]]> */
</script>

Aldo Ianniello, Regione Toscana Il consumo di suolo è un fenomeno complesso, diversificato che è necessario conoscere per mettere in atto azioni di contrasto efficaci. Non è solo importante conoscere quanto suolo si consuma, ma anche “dove” (in ambito urbano o rurale) e per quale uso (residenziale, commerciale, industriale; per una strada, una scuola, una ...
