{"id":20130,"date":"2025-03-21T16:49:23","date_gmt":"2025-03-21T15:49:23","guid":{"rendered":"https:\/\/urbanpromo.it\/info\/?page_id=20130"},"modified":"2025-09-23T10:47:00","modified_gmt":"2025-09-23T08:47:00","slug":"apprendere-accessibilita-e-inclusione-2025","status":"publish","type":"page","link":"https:\/\/urbanpromo.it\/info\/apprendere-accessibilita-e-inclusione-2025\/","title":{"rendered":"APPRENDERE ACCESSIBILIT\u00c0 E INCLUSIONE"},"content":{"rendered":"<p style=\"font-weight: 400\">Con la finalit\u00e0 di sviluppare un ambito di confronto sui temi dell\u2019accessibilit\u00e0 universale e dell\u2019inclusione la Community INU \u201cCitt\u00e0 accessibili a tutt\u0259\u201d prosegue il lavoro e l\u2019impegno avviati nel 2016 proponendo tre azioni tra loro collegate:<\/p>\n<ul>\n<li>un <strong>Workshop<\/strong>, all\u2019interno della BISP, Biennale dello Spazio Pubblico;<\/li>\n<li>un <strong>Convegno<\/strong>, all\u2019interno di Urbanpromo;<\/li>\n<li>una <strong>Pubblicazione<\/strong>, dei <em>Paper<\/em> selezionati, in formato <em>open access<\/em> con codice ISBN.<\/li>\n<\/ul>\n<p style=\"font-weight: 400\">Le tre azioni riguardano l\u2019apprendimento, con attenzione alle dimensioni individuali e collettive che incidono sulla vita, sull\u2019autonomia e la libert\u00e0 delle persone affinch\u00e9 territori, citt\u00e0 e abitare migliorino e\/o traguardino l\u2019essere accessibili a ciascuno e chiunque.<\/p>\n<p style=\"font-weight: 400\">L\u2019accessibilit\u00e0 universale e l\u2019inclusione sono diritti essenziali (Legge costituzionale art. 3. Convenzione ONU sui diritti delle persone con disabilit\u00e0 del 2006. Agenda 2030, Proposito 11.7, nel 2030 sar\u00e0 necessario assicurare un accesso universale per degli spazi pubblici e verdi che siano sani, inclusivi e accessibili, in particolare per le donne e per i bambini, per le persone anziane e per le persone con disabilit\u00e0. D.Lgs. 222\/2023: disposizioni in materia di riqualificazione dei servizi pubblici per l&#8217;inclusione e l&#8217;accessibilit\u00e0). Riguardano tutte le persone, sono un sistema interconnesso, multiscalare, multidisciplinare e complesso; devono garantire le qualit\u00e0 essenziali al soddisfacimento delle aspettative\/richieste, e soprattutto non possono essere affrontate con approcci o strumenti settoriali e separati.<\/p>\n<p style=\"font-weight: 400\">Un approccio preliminare al tema \u00e8 stato sviluppato nel corso dello Special Workshop <em>Universal accessibility and University education, the knowledge network<\/em>, tenutosi a Napoli all\u2019interno di ECTP 2024.<\/p>\n<p>Il bando e la domanda di partecipazione sono scaricabili nella colonna laterale di questa pagina.<\/p>\n<p>Date e scadenze:<\/p>\n<p style=\"font-weight: 400\">25.05.2025\u00a0 \u00a0 \u00a0 \u00a0&#8211; Termine per l\u2019invio degli <em>Abstract &#8211; <\/em><strong><span style=\"color: #ff0000\">[TERMINE PROROGATO AL 10.06.2025]<\/span><\/strong><em><br \/>\n<\/em>30.06.2025\u00a0 \u00a0 \u00a0 \u00a0&#8211; Accettazione <em>Abstract<\/em> e indicazione dei partecipanti invitati al Workshop BISP<br \/>\n01.09.2025\u00a0 \u00a0 \u00a0 \u00a0&#8211; Termine per l\u2019invio dei <em>Paper<br \/>\n<\/em>12.09.2025\u00a0 \u00a0 \u00a0 \u00a0&#8211; Definizione del programma del Workshop BISP<br \/>\n18-20.09.2025\u00a0 &#8211; Workshop in presenza all\u2019interno della BISP<br \/>\n20.10.2025\u00a0 \u00a0 \u00a0 \u00a0&#8211; Notifica all\u2019autore dell\u2019esito della revisione del <em>paper<\/em> e indicazione dei relatori invitati al Convegno<br \/>\n31.10.2025\u00a0 \u00a0 \u00a0 \u00a0&#8211; Consegna della presentazione al Convegno Urbanpromo<br \/>\n11-14.11.2025\u00a0 &#8211; Convegno in presenza all\u2019interno di Urbanpromo<br \/>\n24.11.2025\u00a0 \u00a0 \u00a0 \u00a0&#8211; Invio dei <em>paper<\/em> definitivi per la Pubblicazione e pagamento della quota di partecipazione<\/p>\n","protected":false},"excerpt":{"rendered":"<p>Con la finalit\u00e0 di sviluppare un ambito di confronto sui temi dell\u2019accessibilit\u00e0 universale e dell\u2019inclusione la Community INU \u201cCitt\u00e0 accessibili a tutt\u0259\u201d prosegue il lavoro e l\u2019impegno avviati nel 2016 proponendo tre azioni tra loro collegate: un Workshop, all\u2019interno della BISP, Biennale dello Spazio Pubblico; un Convegno, all\u2019interno di Urbanpromo; una Pubblicazione, dei Paper selezionati, &#8230;<\/p>\n","protected":false},"author":5381,"featured_media":20145,"parent":0,"menu_order":0,"comment_status":"closed","ping_status":"closed","template":"page-templates\/template-page-full.php","meta":{"_acf_changed":false,"footnotes":""},"class_list":["post-20130","page","type-page","status-publish","has-post-thumbnail","hentry"],"acf":[],"yoast_head":"<!-- This site is optimized with the Yoast SEO plugin v27.4 - https:\/\/yoast.com\/product\/yoast-seo-wordpress\/ -->\n<title>APPRENDERE ACCESSIBILIT\u00c0 E INCLUSIONE - urbanpromo<\/title>\n<meta name=\"robots\" content=\"index, follow, max-snippet:-1, max-image-preview:large, max-video-preview:-1\" \/>\n<link rel=\"canonical\" href=\"https:\/\/urbanpromo.it\/info\/apprendere-accessibilita-e-inclusione-2025\/\" \/>\n<meta property=\"og:locale\" content=\"it_IT\" \/>\n<meta property=\"og:type\" content=\"article\" \/>\n<meta property=\"og:title\" content=\"APPRENDERE ACCESSIBILIT\u00c0 E INCLUSIONE - urbanpromo\" \/>\n<meta property=\"og:description\" content=\"Con la finalit\u00e0 di sviluppare un ambito di confronto sui temi dell\u2019accessibilit\u00e0 universale e dell\u2019inclusione la Community INU \u201cCitt\u00e0 accessibili a tutt\u0259\u201d prosegue il lavoro e l\u2019impegno avviati nel 2016 proponendo tre azioni tra loro collegate: un Workshop, all\u2019interno della BISP, Biennale dello Spazio Pubblico; un Convegno, all\u2019interno di Urbanpromo; una Pubblicazione, dei Paper selezionati, ...\" \/>\n<meta property=\"og:url\" content=\"https:\/\/urbanpromo.it\/info\/apprendere-accessibilita-e-inclusione-2025\/\" \/>\n<meta property=\"og:site_name\" content=\"urbanpromo\" \/>\n<meta property=\"article:modified_time\" content=\"2025-09-23T08:47:00+00:00\" \/>\n<meta property=\"og:image\" content=\"https:\/\/urbanpromo.it\/content\/uploads\/sites\/2\/2025\/03\/Apprendere-accessibilita-e-inclusione_Immagine_OK2.jpg\" \/>\n\t<meta property=\"og:image:width\" content=\"2408\" \/>\n\t<meta property=\"og:image:height\" content=\"1173\" \/>\n\t<meta property=\"og:image:type\" content=\"image\/jpeg\" \/>\n<meta name=\"twitter:card\" content=\"summary_large_image\" \/>\n<meta name=\"twitter:label1\" content=\"Est. reading time\" \/>\n\t<meta name=\"twitter:data1\" content=\"2 minuti\" \/>\n<script type=\"application\/ld+json\" class=\"yoast-schema-graph\">{\"@context\":\"https:\\\/\\\/schema.org\",\"@graph\":[{\"@type\":\"WebPage\",\"@id\":\"https:\\\/\\\/urbanpromo.it\\\/info\\\/apprendere-accessibilita-e-inclusione-2025\\\/\",\"url\":\"https:\\\/\\\/urbanpromo.it\\\/info\\\/apprendere-accessibilita-e-inclusione-2025\\\/\",\"name\":\"APPRENDERE ACCESSIBILIT\u00c0 E INCLUSIONE - urbanpromo\",\"isPartOf\":{\"@id\":\"https:\\\/\\\/urbanpromo.it\\\/info\\\/#website\"},\"primaryImageOfPage\":{\"@id\":\"https:\\\/\\\/urbanpromo.it\\\/info\\\/apprendere-accessibilita-e-inclusione-2025\\\/#primaryimage\"},\"image\":{\"@id\":\"https:\\\/\\\/urbanpromo.it\\\/info\\\/apprendere-accessibilita-e-inclusione-2025\\\/#primaryimage\"},\"thumbnailUrl\":\"https:\\\/\\\/urbanpromo.it\\\/content\\\/uploads\\\/sites\\\/2\\\/2025\\\/03\\\/Apprendere-accessibilita-e-inclusione_Immagine_OK2.jpg\",\"datePublished\":\"2025-03-21T15:49:23+00:00\",\"dateModified\":\"2025-09-23T08:47:00+00:00\",\"breadcrumb\":{\"@id\":\"https:\\\/\\\/urbanpromo.it\\\/info\\\/apprendere-accessibilita-e-inclusione-2025\\\/#breadcrumb\"},\"inLanguage\":\"it-IT\",\"potentialAction\":[{\"@type\":\"ReadAction\",\"target\":[\"https:\\\/\\\/urbanpromo.it\\\/info\\\/apprendere-accessibilita-e-inclusione-2025\\\/\"]}]},{\"@type\":\"ImageObject\",\"inLanguage\":\"it-IT\",\"@id\":\"https:\\\/\\\/urbanpromo.it\\\/info\\\/apprendere-accessibilita-e-inclusione-2025\\\/#primaryimage\",\"url\":\"https:\\\/\\\/urbanpromo.it\\\/content\\\/uploads\\\/sites\\\/2\\\/2025\\\/03\\\/Apprendere-accessibilita-e-inclusione_Immagine_OK2.jpg\",\"contentUrl\":\"https:\\\/\\\/urbanpromo.it\\\/content\\\/uploads\\\/sites\\\/2\\\/2025\\\/03\\\/Apprendere-accessibilita-e-inclusione_Immagine_OK2.jpg\",\"width\":2408,\"height\":1173},{\"@type\":\"BreadcrumbList\",\"@id\":\"https:\\\/\\\/urbanpromo.it\\\/info\\\/apprendere-accessibilita-e-inclusione-2025\\\/#breadcrumb\",\"itemListElement\":[{\"@type\":\"ListItem\",\"position\":1,\"name\":\"Home\",\"item\":\"https:\\\/\\\/urbanpromo.it\\\/info\\\/\"},{\"@type\":\"ListItem\",\"position\":2,\"name\":\"APPRENDERE ACCESSIBILIT\u00c0 E INCLUSIONE\"}]},{\"@type\":\"WebSite\",\"@id\":\"https:\\\/\\\/urbanpromo.it\\\/info\\\/#website\",\"url\":\"https:\\\/\\\/urbanpromo.it\\\/info\\\/\",\"name\":\"urbanpromo\",\"description\":\"22^ edizione\",\"potentialAction\":[{\"@type\":\"SearchAction\",\"target\":{\"@type\":\"EntryPoint\",\"urlTemplate\":\"https:\\\/\\\/urbanpromo.it\\\/info\\\/?s={search_term_string}\"},\"query-input\":{\"@type\":\"PropertyValueSpecification\",\"valueRequired\":true,\"valueName\":\"search_term_string\"}}],\"inLanguage\":\"it-IT\"}]}<\/script>\n<!-- \/ Yoast SEO plugin. -->","yoast_head_json":{"title":"APPRENDERE ACCESSIBILIT\u00c0 E INCLUSIONE - urbanpromo","robots":{"index":"index","follow":"follow","max-snippet":"max-snippet:-1","max-image-preview":"max-image-preview:large","max-video-preview":"max-video-preview:-1"},"canonical":"https:\/\/urbanpromo.it\/info\/apprendere-accessibilita-e-inclusione-2025\/","og_locale":"it_IT","og_type":"article","og_title":"APPRENDERE ACCESSIBILIT\u00c0 E INCLUSIONE - urbanpromo","og_description":"Con la finalit\u00e0 di sviluppare un ambito di confronto sui temi dell\u2019accessibilit\u00e0 universale e dell\u2019inclusione la Community INU \u201cCitt\u00e0 accessibili a tutt\u0259\u201d prosegue il lavoro e l\u2019impegno avviati nel 2016 proponendo tre azioni tra loro collegate: un Workshop, all\u2019interno della BISP, Biennale dello Spazio Pubblico; un Convegno, all\u2019interno di Urbanpromo; una Pubblicazione, dei Paper selezionati, ...","og_url":"https:\/\/urbanpromo.it\/info\/apprendere-accessibilita-e-inclusione-2025\/","og_site_name":"urbanpromo","article_modified_time":"2025-09-23T08:47:00+00:00","og_image":[{"width":2408,"height":1173,"url":"https:\/\/urbanpromo.it\/content\/uploads\/sites\/2\/2025\/03\/Apprendere-accessibilita-e-inclusione_Immagine_OK2.jpg","type":"image\/jpeg"}],"twitter_card":"summary_large_image","twitter_misc":{"Est. reading time":"2 minuti"},"schema":{"@context":"https:\/\/schema.org","@graph":[{"@type":"WebPage","@id":"https:\/\/urbanpromo.it\/info\/apprendere-accessibilita-e-inclusione-2025\/","url":"https:\/\/urbanpromo.it\/info\/apprendere-accessibilita-e-inclusione-2025\/","name":"APPRENDERE ACCESSIBILIT\u00c0 E INCLUSIONE - urbanpromo","isPartOf":{"@id":"https:\/\/urbanpromo.it\/info\/#website"},"primaryImageOfPage":{"@id":"https:\/\/urbanpromo.it\/info\/apprendere-accessibilita-e-inclusione-2025\/#primaryimage"},"image":{"@id":"https:\/\/urbanpromo.it\/info\/apprendere-accessibilita-e-inclusione-2025\/#primaryimage"},"thumbnailUrl":"https:\/\/urbanpromo.it\/content\/uploads\/sites\/2\/2025\/03\/Apprendere-accessibilita-e-inclusione_Immagine_OK2.jpg","datePublished":"2025-03-21T15:49:23+00:00","dateModified":"2025-09-23T08:47:00+00:00","breadcrumb":{"@id":"https:\/\/urbanpromo.it\/info\/apprendere-accessibilita-e-inclusione-2025\/#breadcrumb"},"inLanguage":"it-IT","potentialAction":[{"@type":"ReadAction","target":["https:\/\/urbanpromo.it\/info\/apprendere-accessibilita-e-inclusione-2025\/"]}]},{"@type":"ImageObject","inLanguage":"it-IT","@id":"https:\/\/urbanpromo.it\/info\/apprendere-accessibilita-e-inclusione-2025\/#primaryimage","url":"https:\/\/urbanpromo.it\/content\/uploads\/sites\/2\/2025\/03\/Apprendere-accessibilita-e-inclusione_Immagine_OK2.jpg","contentUrl":"https:\/\/urbanpromo.it\/content\/uploads\/sites\/2\/2025\/03\/Apprendere-accessibilita-e-inclusione_Immagine_OK2.jpg","width":2408,"height":1173},{"@type":"BreadcrumbList","@id":"https:\/\/urbanpromo.it\/info\/apprendere-accessibilita-e-inclusione-2025\/#breadcrumb","itemListElement":[{"@type":"ListItem","position":1,"name":"Home","item":"https:\/\/urbanpromo.it\/info\/"},{"@type":"ListItem","position":2,"name":"APPRENDERE ACCESSIBILIT\u00c0 E INCLUSIONE"}]},{"@type":"WebSite","@id":"https:\/\/urbanpromo.it\/info\/#website","url":"https:\/\/urbanpromo.it\/info\/","name":"urbanpromo","description":"22^ edizione","potentialAction":[{"@type":"SearchAction","target":{"@type":"EntryPoint","urlTemplate":"https:\/\/urbanpromo.it\/info\/?s={search_term_string}"},"query-input":{"@type":"PropertyValueSpecification","valueRequired":true,"valueName":"search_term_string"}}],"inLanguage":"it-IT"}]}},"_links":{"self":[{"href":"https:\/\/urbanpromo.it\/info\/wp-json\/wp\/v2\/pages\/20130","targetHints":{"allow":["GET"]}}],"collection":[{"href":"https:\/\/urbanpromo.it\/info\/wp-json\/wp\/v2\/pages"}],"about":[{"href":"https:\/\/urbanpromo.it\/info\/wp-json\/wp\/v2\/types\/page"}],"author":[{"embeddable":true,"href":"https:\/\/urbanpromo.it\/info\/wp-json\/wp\/v2\/users\/5381"}],"replies":[{"embeddable":true,"href":"https:\/\/urbanpromo.it\/info\/wp-json\/wp\/v2\/comments?post=20130"}],"version-history":[{"count":15,"href":"https:\/\/urbanpromo.it\/info\/wp-json\/wp\/v2\/pages\/20130\/revisions"}],"predecessor-version":[{"id":21024,"href":"https:\/\/urbanpromo.it\/info\/wp-json\/wp\/v2\/pages\/20130\/revisions\/21024"}],"wp:featuredmedia":[{"embeddable":true,"href":"https:\/\/urbanpromo.it\/info\/wp-json\/wp\/v2\/media\/20145"}],"wp:attachment":[{"href":"https:\/\/urbanpromo.it\/info\/wp-json\/wp\/v2\/media?parent=20130"}],"curies":[{"name":"wp","href":"https:\/\/api.w.org\/{rel}","templated":true}]}}

APPRENDERE ACCESSIBILITÀ E INCLUSIONE

<p style="font-weight: 400">Con la finalità di sviluppare un ambito di confronto sui temi dell’accessibilità universale e dell’inclusione la Community INU “Città accessibili a tuttə” prosegue il lavoro e l’impegno avviati nel 2016 proponendo tre azioni tra loro collegate:</p>
<ul>
<li>un <strong>Workshop</strong>, all’interno della BISP, Biennale dello Spazio Pubblico;</li>
<li>un <strong>Convegno</strong>, all’interno di Urbanpromo;</li>
<li>una <strong>Pubblicazione</strong>, dei <em>Paper</em> selezionati, in formato <em>open access</em> con codice ISBN.</li>
</ul>
<p style="font-weight: 400">Le tre azioni riguardano l’apprendimento, con attenzione alle dimensioni individuali e collettive che incidono sulla vita, sull’autonomia e la libertà delle persone affinché territori, città e abitare migliorino e/o traguardino l’essere accessibili a ciascuno e chiunque.</p>
<p style="font-weight: 400">L’accessibilità universale e l’inclusione sono diritti essenziali (Legge costituzionale art. 3. Convenzione ONU sui diritti delle persone con disabilità del 2006. Agenda 2030, Proposito 11.7, nel 2030 sarà necessario assicurare un accesso universale per degli spazi pubblici e verdi che siano sani, inclusivi e accessibili, in particolare per le donne e per i bambini, per le persone anziane e per le persone con disabilità. D.Lgs. 222/2023: disposizioni in materia di riqualificazione dei servizi pubblici per l&#8217;inclusione e l&#8217;accessibilità). Riguardano tutte le persone, sono un sistema interconnesso, multiscalare, multidisciplinare e complesso; devono garantire le qualità essenziali al soddisfacimento delle aspettative/richieste, e soprattutto non possono essere affrontate con approcci o strumenti settoriali e separati.</p>
<p style="font-weight: 400">Un approccio preliminare al tema è stato sviluppato nel corso dello Special Workshop <em>Universal accessibility and University education, the knowledge network</em>, tenutosi a Napoli all’interno di ECTP 2024.</p>
<p>Il bando e la domanda di partecipazione sono scaricabili nella colonna laterale di questa pagina.</p>
<p>Date e scadenze:</p>
<p style="font-weight: 400">25.05.2025       &#8211; Termine per l’invio degli <em>Abstract &#8211; </em><strong><span style="color: #ff0000">[TERMINE PROROGATO AL 10.06.2025]</span></strong><em><br />
</em>30.06.2025       &#8211; Accettazione <em>Abstract</em> e indicazione dei partecipanti invitati al Workshop BISP<br />
01.09.2025       &#8211; Termine per l’invio dei <em>Paper<br />
</em>12.09.2025       &#8211; Definizione del programma del Workshop BISP<br />
18-20.09.2025  &#8211; Workshop in presenza all’interno della BISP<br />
20.10.2025       &#8211; Notifica all’autore dell’esito della revisione del <em>paper</em> e indicazione dei relatori invitati al Convegno<br />
31.10.2025       &#8211; Consegna della presentazione al Convegno Urbanpromo<br />
11-14.11.2025  &#8211; Convegno in presenza all’interno di Urbanpromo<br />
24.11.2025       &#8211; Invio dei <em>paper</em> definitivi per la Pubblicazione e pagamento della quota di partecipazione</p>

<p>Con la finalità di sviluppare un ambito di confronto sui temi dell’accessibilità universale e dell’inclusione la Community INU “Città accessibili a tuttə” prosegue il lavoro e l’impegno avviati nel 2016 proponendo tre azioni tra loro collegate: un Workshop, all’interno della BISP, Biennale dello Spazio Pubblico; un Convegno, all’interno di Urbanpromo; una Pubblicazione, dei Paper selezionati, &#8230;</p>

<!-- This site is optimized with the Yoast SEO plugin v27.4 - https://yoast.com/product/yoast-seo-wordpress/ -->
<title>APPRENDERE ACCESSIBILITÀ E INCLUSIONE - urbanpromo</title>
<meta name="robots" content="index, follow, max-snippet:-1, max-image-preview:large, max-video-preview:-1" />
<link rel="canonical" href="https://urbanpromo.it/info/apprendere-accessibilita-e-inclusione-2025/" />
<meta property="og:locale" content="it_IT" />
<meta property="og:type" content="article" />
<meta property="og:title" content="APPRENDERE ACCESSIBILITÀ E INCLUSIONE - urbanpromo" />
<meta property="og:description" content="Con la finalità di sviluppare un ambito di confronto sui temi dell’accessibilità universale e dell’inclusione la Community INU “Città accessibili a tuttə” prosegue il lavoro e l’impegno avviati nel 2016 proponendo tre azioni tra loro collegate: un Workshop, all’interno della BISP, Biennale dello Spazio Pubblico; un Convegno, all’interno di Urbanpromo; una Pubblicazione, dei Paper selezionati, ..." />
<meta property="og:url" content="https://urbanpromo.it/info/apprendere-accessibilita-e-inclusione-2025/" />
<meta property="og:site_name" content="urbanpromo" />
<meta property="article:modified_time" content="2025-09-23T08:47:00+00:00" />
<meta property="og:image" content="https://urbanpromo.it/content/uploads/sites/2/2025/03/Apprendere-accessibilita-e-inclusione_Immagine_OK2.jpg" />
	<meta property="og:image:width" content="2408" />
	<meta property="og:image:height" content="1173" />
	<meta property="og:image:type" content="image/jpeg" />
<meta name="twitter:card" content="summary_large_image" />
<meta name="twitter:label1" content="Est. reading time" />
	<meta name="twitter:data1" content="2 minuti" />
<script type="application/ld+json" class="yoast-schema-graph">{"@context":"https:\/\/schema.org","@graph":[{"@type":"WebPage","@id":"https:\/\/urbanpromo.it\/info\/apprendere-accessibilita-e-inclusione-2025\/","url":"https:\/\/urbanpromo.it\/info\/apprendere-accessibilita-e-inclusione-2025\/","name":"APPRENDERE ACCESSIBILITÀ E INCLUSIONE - urbanpromo","isPartOf":{"@id":"https:\/\/urbanpromo.it\/info\/#website"},"primaryImageOfPage":{"@id":"https:\/\/urbanpromo.it\/info\/apprendere-accessibilita-e-inclusione-2025\/#primaryimage"},"image":{"@id":"https:\/\/urbanpromo.it\/info\/apprendere-accessibilita-e-inclusione-2025\/#primaryimage"},"thumbnailUrl":"https:\/\/urbanpromo.it\/content\/uploads\/sites\/2\/2025\/03\/Apprendere-accessibilita-e-inclusione_Immagine_OK2.jpg","datePublished":"2025-03-21T15:49:23+00:00","dateModified":"2025-09-23T08:47:00+00:00","breadcrumb":{"@id":"https:\/\/urbanpromo.it\/info\/apprendere-accessibilita-e-inclusione-2025\/#breadcrumb"},"inLanguage":"it-IT","potentialAction":[{"@type":"ReadAction","target":["https:\/\/urbanpromo.it\/info\/apprendere-accessibilita-e-inclusione-2025\/"]}]},{"@type":"ImageObject","inLanguage":"it-IT","@id":"https:\/\/urbanpromo.it\/info\/apprendere-accessibilita-e-inclusione-2025\/#primaryimage","url":"https:\/\/urbanpromo.it\/content\/uploads\/sites\/2\/2025\/03\/Apprendere-accessibilita-e-inclusione_Immagine_OK2.jpg","contentUrl":"https:\/\/urbanpromo.it\/content\/uploads\/sites\/2\/2025\/03\/Apprendere-accessibilita-e-inclusione_Immagine_OK2.jpg","width":2408,"height":1173},{"@type":"BreadcrumbList","@id":"https:\/\/urbanpromo.it\/info\/apprendere-accessibilita-e-inclusione-2025\/#breadcrumb","itemListElement":[{"@type":"ListItem","position":1,"name":"Home","item":"https:\/\/urbanpromo.it\/info\/"},{"@type":"ListItem","position":2,"name":"APPRENDERE ACCESSIBILITÀ E INCLUSIONE"}]},{"@type":"WebSite","@id":"https:\/\/urbanpromo.it\/info\/#website","url":"https:\/\/urbanpromo.it\/info\/","name":"urbanpromo","description":"22^ edizione","potentialAction":[{"@type":"SearchAction","target":{"@type":"EntryPoint","urlTemplate":"https:\/\/urbanpromo.it\/info\/?s={search_term_string}"},"query-input":{"@type":"PropertyValueSpecification","valueRequired":true,"valueName":"search_term_string"}}],"inLanguage":"it-IT"}]}</script>
<!-- / Yoast SEO plugin. -->

APPRENDERE ACCESSIBILITÀ E INCLUSIONE - urbanpromo

Con la finalità di sviluppare un ambito di confronto sui temi dell’accessibilità universale e dell’inclusione la Community INU “Città accessibili a tuttə” prosegue il lavoro e l’impegno avviati nel 2016 proponendo tre azioni tra loro collegate: un Workshop, all’interno della BISP, Biennale dello Spazio Pubblico; un Convegno, all’interno di Urbanpromo; una Pubblicazione, dei Paper selezionati, ...
