{"id":8039,"date":"2019-07-03T11:02:29","date_gmt":"2019-07-03T09:02:29","guid":{"rendered":"https:\/\/urbanpromo.it\/info\/?page_id=8039"},"modified":"2019-07-03T11:02:29","modified_gmt":"2019-07-03T09:02:29","slug":"urban-promogiovani","status":"publish","type":"page","link":"https:\/\/urbanpromo.it\/info\/urban-promogiovani\/","title":{"rendered":"Urban-promogiovani"},"content":{"rendered":"<p>Il futuro della qualit\u00e0 progettuale delle nostre citt\u00e0 \u00e8 nelle mani dei progettisti di domani, \u00e8 nella loro capacit\u00e0 di interpretare con occhi nuovi i temi dell\u2019abitare, dell\u2019integrare, del produrre vivibilit\u00e0, sostenibilit\u00e0 ambientale, equit\u00e0. Cosa succede oggi nei luoghi dove ci si prepara a queste sfide, cosa si discute, con cosa ci si cimenta? Come si pu\u00f2 raccordare l\u2019innovazione di oggi con la preparazione dell\u2019innovazione di domani?<\/p>\n<p>L\u2019aspirazione di Urban-promogiovani \u00e8 stata, sin dall\u2019inizio, quella di captare in anticipo i segnali del cambiamento attraverso uno strumento inedito, un concorso a tema sostanzialmente libero, finalizzato ad alimentare un cortocircuito virtuoso all\u2019interno delle universit\u00e0 e tra le universit\u00e0 e il mondo dell\u2019innovazione professionale nel campo della progettazione urbanistica.<br \/>\nIn tal senso, Urban-promogiovani rispecchia in pieno il carattere di Urbanpromo, che da sempre coltiva il tema dell\u2019innovazione nella pianificazione, progettazione e gestione della citt\u00e0 e del territorio, intendendo proporre non tanto letture comprensive e strutturate quanto affondi nei temi di punta del cambiamento, dal marketing urbano, alle pratiche innovative di housing sociale (divenuto poi un tema cos\u00ec rilevante da acquisire autonomia nell\u2019ambito dell\u2019iniziativa), dalle nuove soggettualit\u00e0 emergenti nelle pratiche di gestione urbana, all\u2019integrazione multi-scalare tra politiche di sviluppo e pratiche progettuali.<\/p>\n<p>Nel contesto delle proposte portate all\u2019attenzione del pubblico da amministratori e professionisti, le simulazioni progettuali dei giovani partecipanti non hanno mai risentito del gap di esperienza, testimoniando l\u2019elevato livello qualitativo del processo formativo in atto.<\/p>\n<p>Urban-promogiovani nasce nel 2009 sotto forma di concorso, arricchendosi sin dall\u2019anno successivo di una componente complementare, il workshop. Entrambi sono concepiti come piattaforme di scambio piuttosto che vetrine, offrendo ai partecipanti un\u2019occasione unica di confronto. Dopo diverse edizioni, nasce oggi l\u2019esigenza di una riflessione strutturata, che faccia tesoro delle tante esperienze che hanno contribuito a portare avanti una preziosa occasione di conoscenza e scambio.<\/p>\n<p>&nbsp;<\/p>\n<hr \/>\n<p><em>Tratto da Piani e Progetti, &#8220;Urban-promogiovani: un punto di vista giovane e innovativo sul progetto urbano&#8221;, INU Edizioni, Roma, 2016<\/em><\/p>\n","protected":false},"excerpt":{"rendered":"<p>Il futuro della qualit\u00e0 progettuale delle nostre citt\u00e0 \u00e8 nelle mani dei progettisti di domani, \u00e8 nella loro capacit\u00e0 di interpretare con occhi nuovi i temi dell\u2019abitare, dell\u2019integrare, del produrre vivibilit\u00e0, sostenibilit\u00e0 ambientale, equit\u00e0. Cosa succede oggi nei luoghi dove ci si prepara a queste sfide, cosa si discute, con cosa ci si cimenta? Come &#8230;<\/p>\n","protected":false},"author":2,"featured_media":0,"parent":0,"menu_order":0,"comment_status":"closed","ping_status":"closed","template":"","meta":{"_acf_changed":false,"footnotes":""},"class_list":["post-8039","page","type-page","status-publish","hentry"],"acf":[],"_links":{"self":[{"href":"https:\/\/urbanpromo.it\/info\/wp-json\/wp\/v2\/pages\/8039","targetHints":{"allow":["GET"]}}],"collection":[{"href":"https:\/\/urbanpromo.it\/info\/wp-json\/wp\/v2\/pages"}],"about":[{"href":"https:\/\/urbanpromo.it\/info\/wp-json\/wp\/v2\/types\/page"}],"author":[{"embeddable":true,"href":"https:\/\/urbanpromo.it\/info\/wp-json\/wp\/v2\/users\/2"}],"replies":[{"embeddable":true,"href":"https:\/\/urbanpromo.it\/info\/wp-json\/wp\/v2\/comments?post=8039"}],"version-history":[{"count":0,"href":"https:\/\/urbanpromo.it\/info\/wp-json\/wp\/v2\/pages\/8039\/revisions"}],"wp:attachment":[{"href":"https:\/\/urbanpromo.it\/info\/wp-json\/wp\/v2\/media?parent=8039"}],"curies":[{"name":"wp","href":"https:\/\/api.w.org\/{rel}","templated":true}]}}